{"id":55,"date":"2016-04-17T13:35:19","date_gmt":"2016-04-17T11:35:19","guid":{"rendered":"http:\/\/regatyyoutuberow.roza.pl\/?page_id=55"},"modified":"2016-04-21T21:14:08","modified_gmt":"2016-04-21T19:14:08","slug":"pierwsza-edycja-relacje-wideo","status":"publish","type":"page","link":"https:\/\/regatyinfluencerow.roza.pl\/index.php\/pierwsza-edycja-relacje-wideo\/","title":{"rendered":"Pierwsza edycja &#8211; relacje wideo"},"content":{"rendered":"<h1 style=\"text-align: center;\">I \u017beglarskie Mistrzostwa Polski YouTuber\u00f3w \u2013\u00a0relacje wideo<\/h1>\n<p style=\"text-align: center;\">Pierwsza edycja regat YouTuber\u00f3w by\u0142a bardzo udana.<br \/>\nJej szczeg\u00f3\u0142owy opis znajdziecie <a href=\"http:\/\/www.roza.pl\/regatyyotuberow\/i-edycja\/\">tutaj <\/a>oraz (bardzo szczeg\u00f3\u0142owy) <a href=\"http:\/\/www.roza.pl\/blog\/i-zeglarskie-mistrzostwa-polski-youtuberow-o-puchar-rozy-wiatrow\/\">na blogu R\u00f3\u017cy Wiatr\u00f3w.<\/a><\/p>\n<p style=\"text-align: center;\">Zapraszamy do obejrzenia relacji wideo z pierwszej edycji regat,<br \/>\nzar\u00f3wno tych oficjalnych, jak i film\u00f3w zrobionych przez uczestnik\u00f3w i fan\u00f3w.<\/p>\n<p style=\"text-align: center;\">Oficjalna relacja by R5films<\/p>\n<p style=\"text-align: center;\"><iframe loading=\"lazy\" src=\"https:\/\/www.youtube.com\/embed\/iwKvVuXPrNw?list=PL4NJlDTsJcd5CR2pGW8sQodPW-ZjAz-BU\" width=\"560\" height=\"315\" frameborder=\"0\" allowfullscreen=\"allowfullscreen\"><\/iframe><br \/>\nI kilka najfajniejszych relacji uczestnik\u00f3w regat<\/p>\n<hr \/>\n<p style=\"text-align: center;\"><a class=\"yt-uix-sessionlink g-hovercard spf-link \" href=\"https:\/\/www.youtube.com\/channel\/UCt77HzGhvxN_x8J150TFpNw\" data-ytid=\"UCt77HzGhvxN_x8J150TFpNw\" data-sessionlink=\"itct=CEoQ4TkiEwizx6-zhILLAhXDlx0KHQZzA98o-B0\">MrSetoKami<\/a><\/p>\n<p style=\"text-align: center;\"><iframe loading=\"lazy\" src=\"https:\/\/www.youtube.com\/embed\/qfdhNP2uFiU?list=PL4NJlDTsJcd5CR2pGW8sQodPW-ZjAz-BU\" width=\"560\" height=\"315\" frameborder=\"0\" allowfullscreen=\"allowfullscreen\"><\/iframe><br \/>\nSuper mi\u0142a impresja z regat i imprez towarzysz\u0105cych.<br \/>\nFilm zosta\u0142 uznany za najlepsz\u0105 relacj\u0119 z imprezy i Seto\u00a0otrzyma\u0142 za niego<br \/>\nnagrod\u0119 specjaln\u0105 od firmy Timex \u2013\u00a0zegarek Timex Yacht Racer.<\/p>\n<hr \/>\n<p style=\"text-align: center;\"><a class=\"yt-uix-sessionlink g-hovercard spf-link \" href=\"https:\/\/www.youtube.com\/channel\/UCPiXjAdw5F2kq0hoA35d4LQ\" data-ytid=\"UCPiXjAdw5F2kq0hoA35d4LQ\" data-sessionlink=\"itct=CEoQ4TkiEwjM483DhILLAhVSBx0KHbDUC9ko-B0\">Jcob<\/a><br \/>\n<iframe loading=\"lazy\" src=\"https:\/\/www.youtube.com\/embed\/nSVsDxv8pAo?list=PL4NJlDTsJcd5CR2pGW8sQodPW-ZjAz-BU\" width=\"560\" height=\"315\" frameborder=\"0\" allowfullscreen=\"allowfullscreen\"><\/iframe><br \/>\nSuuuuper narracja. Naprawd\u0119 \u015bwietnie si\u0119 to ogl\u0105da i chyba oddaje klimat,<br \/>\nw jaki wpada si\u0119, stawiaj\u0105c po raz pierwszy nog\u0119 na jachcie \ud83d\ude42<\/p>\n<hr \/>\n<p style=\"text-align: center;\">Film Yoogurta<br \/>\n<iframe loading=\"lazy\" src=\"https:\/\/www.youtube.com\/embed\/wDUINGPdoE4?list=PL4NJlDTsJcd5CR2pGW8sQodPW-ZjAz-BU\" width=\"560\" height=\"315\" frameborder=\"0\" allowfullscreen=\"allowfullscreen\"><\/iframe><\/p>\n<p style=\"text-align: center;\">Same obrazki, ale bardzo fajny klimat!<\/p>\n<hr \/>\n<p style=\"text-align: center;\"><a class=\"yt-uix-sessionlink g-hovercard spf-link \" href=\"https:\/\/www.youtube.com\/channel\/UCotybgeLRauWrm9L1Mn7Ppg\" data-ytid=\"UCotybgeLRauWrm9L1Mn7Ppg\" data-sessionlink=\"itct=CEoQ4TkiEwiUtOjchILLAhWMBh0KHRS0AMEo-B0\">Piotr Urba\u0144ski<\/a> &#8211; Urban<br \/>\n<iframe loading=\"lazy\" src=\"https:\/\/www.youtube.com\/embed\/vtO6cr0iJ-A?list=PL4NJlDTsJcd5CR2pGW8sQodPW-ZjAz-BU\" width=\"560\" height=\"315\" frameborder=\"0\" allowfullscreen=\"allowfullscreen\"><\/iframe><\/p>\n<p style=\"text-align: center;\">Kolejna sympatyczna narracja i spojrzenie okiem nastolatka,<br \/>\nkt\u00f3ry po raz pierwszy ma kontakt z \u017ceglarstwem.<br \/>\nJak \u0142atwo przewidzie\u0107 \u2013\u00a0kolejny wkr\u0119cony \ud83d\ude42<\/p>\n<hr \/>\n<p style=\"text-align: center;\"><a class=\"yt-uix-sessionlink g-hovercard spf-link \" href=\"https:\/\/www.youtube.com\/channel\/UCR_Deywzf9vfBxdbVNX4Bqg\" data-ytid=\"UCR_Deywzf9vfBxdbVNX4Bqg\" data-sessionlink=\"itct=CEoQ4TkiEwir3t_thILLAhVFHw0KHSjlC10o-B0\">Wapniak<\/a><br \/>\n<iframe loading=\"lazy\" src=\"https:\/\/www.youtube.com\/embed\/lKgQD78N0Hg?list=PL4NJlDTsJcd5CR2pGW8sQodPW-ZjAz-BU\" width=\"560\" height=\"315\" frameborder=\"0\" allowfullscreen=\"allowfullscreen\"><\/iframe><\/p>\n<blockquote><p>&#8220;Pierwszy raz gra\u0142em w paintball,<br \/>\nPierwszy raz by\u0142em na \u017caglach,<br \/>\nPierwszy raz je\u017adzi\u0142em quadem<br \/>\nJe\u015bli chcesz mie\u0107 szcz\u0119\u015bliwe \u017cycie pr\u00f3buj nowych rzeczy<br \/>\nNie b\u00f3j si\u0119!&#8221;<\/p><\/blockquote>\n<p style=\"text-align: center;\">Takimi s\u0142owami Wapniak zako\u0144czy\u0142 swoj\u0105 relacj\u0119.<br \/>\nNic doda\u0107\u00a0\ud83d\ude09<\/p>\n<hr \/>\n<p style=\"text-align: center;\"><a class=\"yt-uix-sessionlink g-hovercard spf-link \" href=\"https:\/\/www.youtube.com\/channel\/UCXnqVFVbfyCCoUQrFNR3J6w\" data-ytid=\"UCXnqVFVbfyCCoUQrFNR3J6w\" data-sessionlink=\"itct=CEoQ4TkiEwik39OMhYLLAhWIBA0KHTpRAeAo-B0\">Sou Shibo<\/a><br \/>\n<iframe loading=\"lazy\" src=\"https:\/\/www.youtube.com\/embed\/WYIpr4B66-c?list=PL4NJlDTsJcd5CR2pGW8sQodPW-ZjAz-BU\" width=\"560\" height=\"315\" frameborder=\"0\" allowfullscreen=\"allowfullscreen\"><\/iframe><br \/>\nSou Shibo nagra\u0142 sporo materia\u0142\u00f3w podczas regat. Tutaj podsumowanie ca\u0142o\u015bci.<br \/>\nTroch\u0119 chwali si\u0119 nagrodami, ale nie ma si\u0119 co dziwi\u0107, bo fajne \ud83d\ude42<\/p>\n<hr \/>\n<p style=\"text-align: center;\"><a class=\"yt-uix-sessionlink g-hovercard spf-link \" href=\"https:\/\/www.youtube.com\/channel\/UColcCYCUEN2mzIvdHXgml3g\" data-ytid=\"UColcCYCUEN2mzIvdHXgml3g\" data-sessionlink=\"itct=CEoQ4TkiEwjgpJyXhYLLAhVW1x0KHfDODFYo-B0\">\u2605 Nymfa \u2605<\/a><br \/>\n<iframe loading=\"lazy\" src=\"https:\/\/www.youtube.com\/embed\/0GnVPHJ-3JM?list=PL4NJlDTsJcd5CR2pGW8sQodPW-ZjAz-BU\" width=\"560\" height=\"315\" frameborder=\"0\" allowfullscreen=\"allowfullscreen\"><\/iframe><\/p>\n<p style=\"text-align: center;\">Film mistrzyni monta\u017cu!<br \/>\nNajbardziej energetyczna relacja okiem Mistrz\u00f3w Polski YouTuber\u00f3w w \u017ceglarstwie<br \/>\n(czy raczej zapowied\u017a relacji, kt\u00f3ra w d\u0142u\u017cszej wersji pojawi\u0142a si\u0119 na kanale Isamu).<\/p>\n<hr \/>\n<p style=\"text-align: center;\"><a class=\"yt-uix-sessionlink g-hovercard spf-link \" href=\"https:\/\/www.youtube.com\/channel\/UCE7Rx7C25Yise2RTht-DYyQ\" data-sessionlink=\"itct=CEoQ4TkiEwi-3LHa7oHLAhWDbx0KHfGuAwAo-B0\" data-ytid=\"UCE7Rx7C25Yise2RTht-DYyQ\">Kolega Ignacy<\/a><br \/>\n<iframe loading=\"lazy\" src=\"https:\/\/www.youtube.com\/embed\/n2-t5UhxiP0?list=PL4NJlDTsJcd5CR2pGW8sQodPW-ZjAz-BU\" width=\"560\" height=\"315\" frameborder=\"0\" allowfullscreen=\"allowfullscreen\"><\/iframe><br \/>\nKolega Ignacy zaj\u0105\u0142 Super Miejsce \u2013\u00a0sami zobaczcie.<\/p>\n<hr \/>\n<p style=\"text-align: center;\"><a class=\"yt-uix-sessionlink g-hovercard spf-link \" href=\"https:\/\/www.youtube.com\/channel\/UCFBH3Bdhgh3_cCToEQsUp6Q\" data-ytid=\"UCFBH3Bdhgh3_cCToEQsUp6Q\" data-sessionlink=\"itct=CEoQ4TkiEwib84HV74HLAhXGNg0KHTwuCz0o-B0\">Gimper<\/a><br \/>\n<iframe loading=\"lazy\" src=\"https:\/\/www.youtube.com\/embed\/vuFFcrBm3gY?list=PL4NJlDTsJcd5CR2pGW8sQodPW-ZjAz-BU\" width=\"560\" height=\"315\" frameborder=\"0\" allowfullscreen=\"allowfullscreen\"><\/iframe><br \/>\n&#8220;\u017ba\u0142osne regaty \u2013\u00a0nie polecamy&#8221; Hmmmmm&#8230;. \ud83d\ude1b<\/p>\n<hr \/>\n<p style=\"text-align: center;\"><a class=\"yt-uix-sessionlink g-hovercard spf-link \" href=\"https:\/\/www.youtube.com\/channel\/UCGPKmSKumoR3TbMIHwsh5qQ\" data-sessionlink=\"itct=CEoQ4TkiEwijv8T874HLAhUUXB0KHWO0D-8o-B0\" data-ytid=\"UCGPKmSKumoR3TbMIHwsh5qQ\">IsAmUxPompa<\/a><br \/>\n<iframe loading=\"lazy\" src=\"https:\/\/www.youtube.com\/embed\/C--wQC0TGno?list=PL4NJlDTsJcd5CR2pGW8sQodPW-ZjAz-BU\" width=\"560\" height=\"315\" frameborder=\"0\" allowfullscreen=\"allowfullscreen\"><\/iframe><\/p>\n<p style=\"text-align: center;\">Pe\u0142na relacja z pok\u0142adu alba\u0144skiej za\u0142ogi POMPA TEAM z\u00a0<a class=\"yt-uix-sessionlink g-hovercard spf-link \" href=\"https:\/\/www.youtube.com\/channel\/UCGPKmSKumoR3TbMIHwsh5qQ\" data-sessionlink=\"itct=CEoQ4TkiEwijv8T874HLAhUUXB0KHWO0D-8o-B0\" data-ytid=\"UCGPKmSKumoR3TbMIHwsh5qQ\">IsAmUxPompa<\/a>\u00a0na czele.<br \/>\nCo najwa\u017cniejsze, relacja Zwyci\u0119zc\u00f3w I \u017beglarskich Mistrzostw Polski YouTuber\u00f3w.<br \/>\nWygrali i to w jakim stylu!<\/p>\n<hr \/>\n<p style=\"text-align: center;\"><a class=\"yt-uix-sessionlink g-hovercard spf-link \" href=\"https:\/\/www.youtube.com\/channel\/UC8oAVQ3BrGphqMZdlDHBqZA\" data-ytid=\"UC8oAVQ3BrGphqMZdlDHBqZA\" data-sessionlink=\"itct=CEoQ4TkiEwjyve7I8oHLAhWCGw0KHdLOCcso-B0\">smiechawaTV<\/a><br \/>\n<iframe loading=\"lazy\" src=\"https:\/\/www.youtube.com\/embed\/CFjZux3bnAI?list=PL4NJlDTsJcd5CR2pGW8sQodPW-ZjAz-BU\" width=\"560\" height=\"315\" frameborder=\"0\" allowfullscreen=\"allowfullscreen\"><\/iframe><br \/>\nSzwagier i Antek debiutuj\u0105 pod \u017caglami.<br \/>\nAhhhh, \u017ceby nie ten falstart, to by\u0142yby zegarki!<\/p>\n<hr \/>\n<p style=\"text-align: center;\"><a class=\"yt-uix-sessionlink g-hovercard spf-link \" href=\"https:\/\/www.youtube.com\/channel\/UCRs73oi5IRLjXminXMp4j9w\" data-sessionlink=\"itct=CEoQ4TkiEwi1sfjagoLLAhWUJx0KHS1BCEwo-B0\" data-ytid=\"UCRs73oi5IRLjXminXMp4j9w\">Krulestwo<\/a>\u00a0&#8211; Sylwester Ward\u0119ga<br \/>\n<iframe loading=\"lazy\" src=\"https:\/\/www.youtube.com\/embed\/exu5McfTUuI?list=PL4NJlDTsJcd5CR2pGW8sQodPW-ZjAz-BU\" width=\"560\" height=\"315\" frameborder=\"0\" allowfullscreen=\"allowfullscreen\"><\/iframe><br \/>\nCzyli tropem dziwnej stopy \ud83d\ude1b<\/p>\n<hr \/>\n<p style=\"text-align: center;\"><a class=\"yt-uix-sessionlink g-hovercard spf-link \" href=\"https:\/\/www.youtube.com\/channel\/UCLsQ4c7wp0Zk4m8gRedGb6w\" data-sessionlink=\"itct=CEoQ4TkiEwijidiLg4LLAhUEmR0KHXR7AOYo-B0\" data-ytid=\"UCLsQ4c7wp0Zk4m8gRedGb6w\">yoshi7901<\/a><br \/>\n<iframe loading=\"lazy\" src=\"https:\/\/www.youtube.com\/embed\/GKpVjNsDBOQ?list=PL4NJlDTsJcd5CR2pGW8sQodPW-ZjAz-BU\" width=\"560\" height=\"315\" frameborder=\"0\" allowfullscreen=\"allowfullscreen\"><\/iframe><br \/>\nYoshi jako balast w walce z Krakenem i mordercz\u0105 fal\u0105!<\/p>\n<hr \/>\n<p style=\"text-align: center;\"><a class=\"yt-uix-sessionlink g-hovercard spf-link \" href=\"https:\/\/www.youtube.com\/channel\/UCQIJGkfPZpMXiI-ztDjeGMQ\" data-sessionlink=\"itct=CEoQ4TkiEwi11fjJg4LLAhVMwh0KHRO2BG8o-B0\" data-ytid=\"UCQIJGkfPZpMXiI-ztDjeGMQ\">loveandgreatshoes<\/a><br \/>\n<iframe loading=\"lazy\" src=\"https:\/\/www.youtube.com\/embed\/ZvkynZ8T86g?list=PL4NJlDTsJcd5CR2pGW8sQodPW-ZjAz-BU\" width=\"560\" height=\"315\" frameborder=\"0\" allowfullscreen=\"allowfullscreen\"><\/iframe><br \/>\nJustyna i Kasia \u2013\u00a0jedyny dziewcz\u0119cy kana\u0142 \u2013\u00a0czyli najdzielniejsze z dzielnych.<br \/>\nI jaki szyk! \ud83d\ude00<\/p>\n","protected":false},"excerpt":{"rendered":"<p>I \u017beglarskie Mistrzostwa Polski YouTuber\u00f3w \u2013\u00a0relacje wideo Pierwsza edycja regat YouTuber\u00f3w by\u0142a bardzo udana. Jej szczeg\u00f3\u0142owy opis znajdziecie tutaj oraz (bardzo szczeg\u00f3\u0142owy) na blogu R\u00f3\u017cy Wiatr\u00f3w.<span class=\"excerpt-hellip\"> [\u2026]<\/span><\/p>\n","protected":false},"author":2,"featured_media":0,"parent":0,"menu_order":0,"comment_status":"open","ping_status":"closed","template":"","meta":{"_acf_changed":false,"footnotes":""},"class_list":["post-55","page","type-page","status-publish","hentry"],"acf":[],"yoast_head":"<!-- This site is optimized with the Yoast SEO plugin v27.5 - https:\/\/yoast.com\/product\/yoast-seo-wordpress\/ -->\n<title>Pierwsza edycja - relacje wideo - Regaty Influencer\u00f3w<\/title>\n<meta name=\"robots\" content=\"index, follow, max-snippet:-1, max-image-preview:large, max-video-preview:-1\" \/>\n<link rel=\"canonical\" href=\"https:\/\/regatyinfluencerow.roza.pl\/index.php\/pierwsza-edycja-relacje-wideo\/\" \/>\n<meta property=\"og:locale\" content=\"pl_PL\" \/>\n<meta property=\"og:type\" content=\"article\" \/>\n<meta property=\"og:title\" content=\"Pierwsza edycja - relacje wideo - Regaty Influencer\u00f3w\" \/>\n<meta property=\"og:description\" content=\"I \u017beglarskie Mistrzostwa Polski YouTuber\u00f3w \u2013\u00a0relacje wideo Pierwsza edycja regat YouTuber\u00f3w by\u0142a bardzo udana. Jej szczeg\u00f3\u0142owy opis znajdziecie tutaj oraz (bardzo szczeg\u00f3\u0142owy) na blogu R\u00f3\u017cy Wiatr\u00f3w. [\u2026]\" \/>\n<meta property=\"og:url\" content=\"https:\/\/regatyinfluencerow.roza.pl\/index.php\/pierwsza-edycja-relacje-wideo\/\" \/>\n<meta property=\"og:site_name\" content=\"Regaty Influencer\u00f3w\" \/>\n<meta property=\"article:modified_time\" content=\"2016-04-21T19:14:08+00:00\" \/>\n<meta name=\"twitter:card\" content=\"summary_large_image\" \/>\n<meta name=\"twitter:label1\" content=\"Szacowany czas czytania\" \/>\n\t<meta name=\"twitter:data1\" content=\"2 minuty\" \/>\n<script type=\"application\/ld+json\" class=\"yoast-schema-graph\">{\"@context\":\"https:\\\/\\\/schema.org\",\"@graph\":[{\"@type\":\"WebPage\",\"@id\":\"https:\\\/\\\/regatyinfluencerow.roza.pl\\\/index.php\\\/pierwsza-edycja-relacje-wideo\\\/\",\"url\":\"https:\\\/\\\/regatyinfluencerow.roza.pl\\\/index.php\\\/pierwsza-edycja-relacje-wideo\\\/\",\"name\":\"Pierwsza edycja - relacje wideo - Regaty Influencer\u00f3w\",\"isPartOf\":{\"@id\":\"https:\\\/\\\/regatyinfluencerow.roza.pl\\\/#website\"},\"datePublished\":\"2016-04-17T11:35:19+00:00\",\"dateModified\":\"2016-04-21T19:14:08+00:00\",\"breadcrumb\":{\"@id\":\"https:\\\/\\\/regatyinfluencerow.roza.pl\\\/index.php\\\/pierwsza-edycja-relacje-wideo\\\/#breadcrumb\"},\"inLanguage\":\"pl-PL\",\"potentialAction\":[{\"@type\":\"ReadAction\",\"target\":[\"https:\\\/\\\/regatyinfluencerow.roza.pl\\\/index.php\\\/pierwsza-edycja-relacje-wideo\\\/\"]}]},{\"@type\":\"BreadcrumbList\",\"@id\":\"https:\\\/\\\/regatyinfluencerow.roza.pl\\\/index.php\\\/pierwsza-edycja-relacje-wideo\\\/#breadcrumb\",\"itemListElement\":[{\"@type\":\"ListItem\",\"position\":1,\"name\":\"Strona g\u0142\u00f3wna\",\"item\":\"https:\\\/\\\/regatyinfluencerow.roza.pl\\\/\"},{\"@type\":\"ListItem\",\"position\":2,\"name\":\"Pierwsza edycja &#8211; relacje wideo\"}]},{\"@type\":\"WebSite\",\"@id\":\"https:\\\/\\\/regatyinfluencerow.roza.pl\\\/#website\",\"url\":\"https:\\\/\\\/regatyinfluencerow.roza.pl\\\/\",\"name\":\"Regaty Influencer\u00f3w\",\"description\":\"o puchar R\u00f3\u017cy Wiatr\u00f3w\",\"publisher\":{\"@id\":\"https:\\\/\\\/regatyinfluencerow.roza.pl\\\/#organization\"},\"potentialAction\":[{\"@type\":\"SearchAction\",\"target\":{\"@type\":\"EntryPoint\",\"urlTemplate\":\"https:\\\/\\\/regatyinfluencerow.roza.pl\\\/?s={search_term_string}\"},\"query-input\":{\"@type\":\"PropertyValueSpecification\",\"valueRequired\":true,\"valueName\":\"search_term_string\"}}],\"inLanguage\":\"pl-PL\"},{\"@type\":\"Organization\",\"@id\":\"https:\\\/\\\/regatyinfluencerow.roza.pl\\\/#organization\",\"name\":\"Regaty Influencer\u00f3w\",\"url\":\"https:\\\/\\\/regatyinfluencerow.roza.pl\\\/\",\"logo\":{\"@type\":\"ImageObject\",\"inLanguage\":\"pl-PL\",\"@id\":\"https:\\\/\\\/regatyinfluencerow.roza.pl\\\/#\\\/schema\\\/logo\\\/image\\\/\",\"url\":\"https:\\\/\\\/regatyinfluencerow.roza.pl\\\/wp-content\\\/uploads\\\/2016\\\/04\\\/logoyotubesail-1024x934.png\",\"contentUrl\":\"https:\\\/\\\/regatyinfluencerow.roza.pl\\\/wp-content\\\/uploads\\\/2016\\\/04\\\/logoyotubesail-1024x934.png\",\"width\":1024,\"height\":934,\"caption\":\"Regaty Influencer\u00f3w\"},\"image\":{\"@id\":\"https:\\\/\\\/regatyinfluencerow.roza.pl\\\/#\\\/schema\\\/logo\\\/image\\\/\"}}]}<\/script>\n<!-- \/ Yoast SEO plugin. -->","yoast_head_json":{"title":"Pierwsza edycja - relacje wideo - Regaty Influencer\u00f3w","robots":{"index":"index","follow":"follow","max-snippet":"max-snippet:-1","max-image-preview":"max-image-preview:large","max-video-preview":"max-video-preview:-1"},"canonical":"https:\/\/regatyinfluencerow.roza.pl\/index.php\/pierwsza-edycja-relacje-wideo\/","og_locale":"pl_PL","og_type":"article","og_title":"Pierwsza edycja - relacje wideo - Regaty Influencer\u00f3w","og_description":"I \u017beglarskie Mistrzostwa Polski YouTuber\u00f3w \u2013\u00a0relacje wideo Pierwsza edycja regat YouTuber\u00f3w by\u0142a bardzo udana. Jej szczeg\u00f3\u0142owy opis znajdziecie tutaj oraz (bardzo szczeg\u00f3\u0142owy) na blogu R\u00f3\u017cy Wiatr\u00f3w. [\u2026]","og_url":"https:\/\/regatyinfluencerow.roza.pl\/index.php\/pierwsza-edycja-relacje-wideo\/","og_site_name":"Regaty Influencer\u00f3w","article_modified_time":"2016-04-21T19:14:08+00:00","twitter_card":"summary_large_image","twitter_misc":{"Szacowany czas czytania":"2 minuty"},"schema":{"@context":"https:\/\/schema.org","@graph":[{"@type":"WebPage","@id":"https:\/\/regatyinfluencerow.roza.pl\/index.php\/pierwsza-edycja-relacje-wideo\/","url":"https:\/\/regatyinfluencerow.roza.pl\/index.php\/pierwsza-edycja-relacje-wideo\/","name":"Pierwsza edycja - relacje wideo - Regaty Influencer\u00f3w","isPartOf":{"@id":"https:\/\/regatyinfluencerow.roza.pl\/#website"},"datePublished":"2016-04-17T11:35:19+00:00","dateModified":"2016-04-21T19:14:08+00:00","breadcrumb":{"@id":"https:\/\/regatyinfluencerow.roza.pl\/index.php\/pierwsza-edycja-relacje-wideo\/#breadcrumb"},"inLanguage":"pl-PL","potentialAction":[{"@type":"ReadAction","target":["https:\/\/regatyinfluencerow.roza.pl\/index.php\/pierwsza-edycja-relacje-wideo\/"]}]},{"@type":"BreadcrumbList","@id":"https:\/\/regatyinfluencerow.roza.pl\/index.php\/pierwsza-edycja-relacje-wideo\/#breadcrumb","itemListElement":[{"@type":"ListItem","position":1,"name":"Strona g\u0142\u00f3wna","item":"https:\/\/regatyinfluencerow.roza.pl\/"},{"@type":"ListItem","position":2,"name":"Pierwsza edycja &#8211; relacje wideo"}]},{"@type":"WebSite","@id":"https:\/\/regatyinfluencerow.roza.pl\/#website","url":"https:\/\/regatyinfluencerow.roza.pl\/","name":"Regaty Influencer\u00f3w","description":"o puchar R\u00f3\u017cy Wiatr\u00f3w","publisher":{"@id":"https:\/\/regatyinfluencerow.roza.pl\/#organization"},"potentialAction":[{"@type":"SearchAction","target":{"@type":"EntryPoint","urlTemplate":"https:\/\/regatyinfluencerow.roza.pl\/?s={search_term_string}"},"query-input":{"@type":"PropertyValueSpecification","valueRequired":true,"valueName":"search_term_string"}}],"inLanguage":"pl-PL"},{"@type":"Organization","@id":"https:\/\/regatyinfluencerow.roza.pl\/#organization","name":"Regaty Influencer\u00f3w","url":"https:\/\/regatyinfluencerow.roza.pl\/","logo":{"@type":"ImageObject","inLanguage":"pl-PL","@id":"https:\/\/regatyinfluencerow.roza.pl\/#\/schema\/logo\/image\/","url":"https:\/\/regatyinfluencerow.roza.pl\/wp-content\/uploads\/2016\/04\/logoyotubesail-1024x934.png","contentUrl":"https:\/\/regatyinfluencerow.roza.pl\/wp-content\/uploads\/2016\/04\/logoyotubesail-1024x934.png","width":1024,"height":934,"caption":"Regaty Influencer\u00f3w"},"image":{"@id":"https:\/\/regatyinfluencerow.roza.pl\/#\/schema\/logo\/image\/"}}]}},"_links":{"self":[{"href":"https:\/\/regatyinfluencerow.roza.pl\/index.php\/wp-json\/wp\/v2\/pages\/55","targetHints":{"allow":["GET"]}}],"collection":[{"href":"https:\/\/regatyinfluencerow.roza.pl\/index.php\/wp-json\/wp\/v2\/pages"}],"about":[{"href":"https:\/\/regatyinfluencerow.roza.pl\/index.php\/wp-json\/wp\/v2\/types\/page"}],"author":[{"embeddable":true,"href":"https:\/\/regatyinfluencerow.roza.pl\/index.php\/wp-json\/wp\/v2\/users\/2"}],"replies":[{"embeddable":true,"href":"https:\/\/regatyinfluencerow.roza.pl\/index.php\/wp-json\/wp\/v2\/comments?post=55"}],"version-history":[{"count":1,"href":"https:\/\/regatyinfluencerow.roza.pl\/index.php\/wp-json\/wp\/v2\/pages\/55\/revisions"}],"predecessor-version":[{"id":56,"href":"https:\/\/regatyinfluencerow.roza.pl\/index.php\/wp-json\/wp\/v2\/pages\/55\/revisions\/56"}],"wp:attachment":[{"href":"https:\/\/regatyinfluencerow.roza.pl\/index.php\/wp-json\/wp\/v2\/media?parent=55"}],"curies":[{"name":"wp","href":"https:\/\/api.w.org\/{rel}","templated":true}]}}