{"id":42,"date":"2016-04-17T13:19:26","date_gmt":"2016-04-17T11:19:26","guid":{"rendered":"http:\/\/regatyyoutuberow.roza.pl\/?page_id=42"},"modified":"2016-04-21T20:50:14","modified_gmt":"2016-04-21T18:50:14","slug":"i-edycja-regat","status":"publish","type":"page","link":"https:\/\/regatyinfluencerow.roza.pl\/index.php\/i-edycja-regat\/","title":{"rendered":"I edycja regat"},"content":{"rendered":"<h1>I \u017beglarskie Mistrzostwa Polski YouTuber\u00f3w<\/h1>\n<p>W dniach 8\u201310 maja 2015 roku odby\u0142y si\u0119 pierwsze w Polsce regaty YouTuber\u00f3w \u2013\u00a0wyj\u0105tkowe wydarzenie sportowe, dedykowane polskim YouTuberom.<\/p>\n<p><strong>W pi\u0105tek<\/strong> do p\u00f3\u017anego wieczora wszystkim uda\u0142o si\u0119 zjecha\u0107 i impreza rozpocz\u0119\u0142a si\u0119 integracyjn\u0105 kolacj\u0105 i ogniskiem.<\/p>\n<p>W <strong>sobot\u0119 <\/strong>uczestnicy rywalizowali ze sob\u0105 w trudnej, ale szlachetnej dyscyplinie sportowej, czyli w \u017ceglarstwie, a\u00a0w<strong>\u00a0niedziel\u0119<\/strong>\u00a0odpoczywali, bior\u0105c udzia\u0142 w rozgrywkach paintballowych i je\u017cd\u017c\u0105c na quadach.<\/p>\n<h2>Regaty<\/h2>\n<p><strong>Dzie\u0144 regat\u00a0<\/strong>rozpocz\u0105\u0142 si\u0119 odpraw\u0105 sternik\u00f3w, kt\u00f3r\u0105 poprowadzi\u0142a Regina Flis \u2013 szefowa wyszkolenia w R\u00f3\u017cy Wiatr\u00f3w i\u00a0przewodnicz\u0105ca komisji s\u0119dziowskiej. Regina dok\u0142adnie wyja\u015bni\u0142a uczestnikom zasady rywalizacji\u00a0i om\u00f3wi\u0142a\u00a0tras\u0119 regat.<\/p>\n<p><img decoding=\"async\" src=\"http:\/\/www.roza.pl\/data\/uploads\/images\/blog\/regaty\/sedzia.jpg\" alt=\"s\u0119dzia g\u0142\u00f3wny regat\" \/><\/p>\n<p>Po odprawie sternicy wraz z za\u0142ogami poszli na swoje jachty.<br \/>\nNa ich\u00a0drodze czeka\u0142y ju\u017c prawdziwe t\u0142umy fan\u00f3w, kt\u00f3rzy nie wiadomo, w jaki spos\u00f3b, dowiedzieli si\u0119 o imprezie. Zawodnicy us\u0142yszeli\u00a0bardzo mi\u0142e \u017cyczenia, towarzyszy\u0142 im te\u017c gor\u0105cy doping, a nawet wielkie transparenty zagrzewaj\u0105ce idoli do walki!<\/p>\n<p><img decoding=\"async\" src=\"http:\/\/www.roza.pl\/data\/uploads\/images\/blog\/regaty\/faniwardega.jpg\" alt=\"kibice regat\" \/><\/p>\n<p>Podczas regat planowane by\u0142o rozegranie 3 bieg\u00f3w: dw\u00f3ch kr\u00f3tkich na jeziorze \u00a0\u015awi\u0119cajty i jednego d\u0142ugiego z wyp\u0142yni\u0119ciem na Mamry.<\/p>\n<p>Ko\u0142o po\u0142udnia za\u0142ogi wystartowa\u0142y,\u00a0bardzo spokojnie i bez \u017cadnych kraks, cho\u0107 emocje by\u0142y ogromne. Za najlepszy start firma TIMEX ufundowa\u0142a dodatkowe nagrody w postaci rewelacyjnych \u017ceglarskich zegark\u00f3w Timex Yacht Racer.<br \/>\n<img decoding=\"async\" src=\"http:\/\/www.roza.pl\/data\/uploads\/images\/blog\/regaty\/regaty.jpg\" alt=\"jachty na mecie\" \/><br \/>\nNiestety, pogoda nie pozwoli\u0142a na rozegranie wszystkich bieg\u00f3w:\u00a0ostatni zosta\u0142 odwo\u0142any z powodu flauty.<\/p>\n<h2>Mistrzowie Polski<\/h2>\n<p>Odwo\u0142anie trzeciego biegu wywo\u0142a\u0142o prawdziw\u0105\u00a0eufori\u0119 za\u0142ogi<strong>\u00a0Isamu<\/strong>, kt\u00f3ra w rezultacie po dw\u00f3ch udanych startach zdoby\u0142a tytu\u0142 Mistrza Polski!<\/p>\n<p><img decoding=\"async\" src=\"http:\/\/www.roza.pl\/data\/uploads\/images\/blog\/regaty\/mistrzowie.jpg\" alt=\"Mistrzowie Polski YouTuber\u00f3w w \u017ceglarstwie\" \/><\/p>\n<p>Na drugim miejscu uplasowa\u0142 si\u0119 Igor z za\u0142og\u0105 &#8220;Mi\u0119towe Zakupy Osiem&#8221;,<br \/>\na na trzecim Marta Milewska, kt\u00f3ra mia\u0142a magiczne wsparcie w postaci Y-ka z za\u0142og\u0105 \ud83d\ude42<\/p>\n<h2>Nagrody<\/h2>\n<p><img decoding=\"async\" src=\"http:\/\/www.roza.pl\/data\/uploads\/images\/blog\/regaty\/trofeum.jpg\" alt=\"trofeum\" \/><\/p>\n<p>Za zaj\u0119cie trzech pierwszych miejsc na podium Microsoft ufundowa\u0142 dla ka\u017cdego z cz\u0142onk\u00f3w zwyci\u0119skich za\u0142\u00f3g smartfony Lumia, a dla pozosta\u0142ych fajne gad\u017cety \u2013\u00a0power banki, s\u0142uchawki, g\u0142o\u015bniki itp.<\/p>\n<h2>Sternicy<\/h2>\n<p>Poniewa\u017c\u00a0nie wszyscy \u00a0YouTuberzy s\u0105 \u017ceglarzami, postanowili\u015bmy zapewni\u0107\u00a0ka\u017cdej za\u0142odze wsparcie w postaci profesjonalnego sternika.<\/p>\n<p><img decoding=\"async\" src=\"http:\/\/www.roza.pl\/data\/uploads\/images\/blog\/regaty\/sternicy.jpg\" alt=\"sternicy na regatach\" \/><\/p>\n<p>Wszystkim obecnym bardzo dzi\u0119kujemy za zaanga\u017cowanie i sportowego ducha walki!<\/p>\n<h2>Sponsorzy<\/h2>\n<p>Regaty nie by\u0142yby takim sukcesem bez firm Microsoft, TIMEX i Akademii Leona Ko\u017ami\u0144skiego.<\/p>\n<p><img decoding=\"async\" src=\"http:\/\/www.roza.pl\/data\/uploads\/images\/blog\/regaty\/sponsorzy.jpg\" alt=\"sponsorzy regat\" \/><\/p>\n<p>Ta ostatnia reprezentowana by\u0142a na regatach przez Samorz\u0105d Studencki.<\/p>\n<h2>Party<\/h2>\n<p>Po wr\u0119czeniu nagr\u00f3d rozpocz\u0105\u0142 si\u0119 wystawny bankiet, kt\u00f3ry potrwa\u0142 do p\u00f3\u017anych&#8230; No nie. W\u0142a\u015bciwie to do wczesnych godzin, bo zar\u00f3wno zaczyna\u0142 si\u0119, jak i ko\u0144czy\u0142, kiedy na dworze by\u0142o jasno.<\/p>\n<h2>Paintball i Quady<\/h2>\n<p>Na niedziel\u0119 zaplanowali\u015bmy regaty wio\u015blarskie, rozgrywki paintballowe i jazd\u0119 na quadach.<br \/>\nZ tej pierwszej dyscypliny\u00a0w ko\u0144cu ca\u0142kiem zrezygnowali\u015bmy ze wzgl\u0119du na\u00a0deszcz, ale pozosta\u0142e si\u0119 odby\u0142y.<\/p>\n<h2><img decoding=\"async\" src=\"http:\/\/www.roza.pl\/data\/uploads\/images\/blog\/regaty\/rojo.jpg\" alt=\"Rojo ogarnia paintball\" \/><\/h2>\n<p>&nbsp;<\/p>\n<h2>Po\u017cegnania<\/h2>\n<p>Niekt\u00f3rzy mieli przed sob\u0105 napraaaawd\u0119 d\u0142ug\u0105 drog\u0119 i zaraz po obiedzie uczestnicy zacz\u0119li rozje\u017cd\u017ca\u0107 si\u0119 do domu.<br \/>\nJeszcze tylko tradycyjne\u00a0selfie\u00a0i w drog\u0119 \ud83d\ude42<\/p>\n<p><img decoding=\"async\" src=\"http:\/\/www.roza.pl\/data\/uploads\/images\/blog\/regaty\/pozegnanie.jpg\" alt=\"po\u017cegnalna fotka\" \/><\/p>\n<p>Bardzo szczeg\u00f3\u0142ow\u0105 relacj\u0119 z pierwszych regat YouTuber\u00f3w znajdziecie na blogu R\u00f3\u017cy Wiatr\u00f3w:\u00a0<a href=\"http:\/\/www.roza.pl\/blog\/i-zeglarskie-mistrzostwa-polski-youtuberow-o-puchar-rozy-wiatrow\/\">Regaty YouTuber\u00f3w<\/a><\/p>\n<p>&nbsp;<\/p>\n","protected":false},"excerpt":{"rendered":"<p>I \u017beglarskie Mistrzostwa Polski YouTuber\u00f3w W dniach 8\u201310 maja 2015 roku odby\u0142y si\u0119 pierwsze w Polsce regaty YouTuber\u00f3w \u2013\u00a0wyj\u0105tkowe wydarzenie sportowe, dedykowane polskim YouTuberom. W pi\u0105tek<span class=\"excerpt-hellip\"> [\u2026]<\/span><\/p>\n","protected":false},"author":2,"featured_media":0,"parent":0,"menu_order":0,"comment_status":"open","ping_status":"closed","template":"","meta":{"_acf_changed":false,"footnotes":""},"class_list":["post-42","page","type-page","status-publish","hentry"],"acf":[],"yoast_head":"<!-- This site is optimized with the Yoast SEO plugin v27.5 - https:\/\/yoast.com\/product\/yoast-seo-wordpress\/ -->\n<title>I edycja regat - Regaty Influencer\u00f3w<\/title>\n<meta name=\"robots\" content=\"index, follow, max-snippet:-1, max-image-preview:large, max-video-preview:-1\" \/>\n<link rel=\"canonical\" href=\"https:\/\/regatyinfluencerow.roza.pl\/index.php\/i-edycja-regat\/\" \/>\n<meta property=\"og:locale\" content=\"pl_PL\" \/>\n<meta property=\"og:type\" content=\"article\" \/>\n<meta property=\"og:title\" content=\"I edycja regat - Regaty Influencer\u00f3w\" \/>\n<meta property=\"og:description\" content=\"I \u017beglarskie Mistrzostwa Polski YouTuber\u00f3w W dniach 8\u201310 maja 2015 roku odby\u0142y si\u0119 pierwsze w Polsce regaty YouTuber\u00f3w \u2013\u00a0wyj\u0105tkowe wydarzenie sportowe, dedykowane polskim YouTuberom. W pi\u0105tek [\u2026]\" \/>\n<meta property=\"og:url\" content=\"https:\/\/regatyinfluencerow.roza.pl\/index.php\/i-edycja-regat\/\" \/>\n<meta property=\"og:site_name\" content=\"Regaty Influencer\u00f3w\" \/>\n<meta property=\"article:modified_time\" content=\"2016-04-21T18:50:14+00:00\" \/>\n<meta property=\"og:image\" content=\"http:\/\/www.roza.pl\/data\/uploads\/images\/blog\/regaty\/sedzia.jpg\" \/>\n<meta name=\"twitter:card\" content=\"summary_large_image\" \/>\n<meta name=\"twitter:label1\" content=\"Szacowany czas czytania\" \/>\n\t<meta name=\"twitter:data1\" content=\"3 minuty\" \/>\n<script type=\"application\/ld+json\" class=\"yoast-schema-graph\">{\"@context\":\"https:\\\/\\\/schema.org\",\"@graph\":[{\"@type\":\"WebPage\",\"@id\":\"https:\\\/\\\/regatyinfluencerow.roza.pl\\\/index.php\\\/i-edycja-regat\\\/\",\"url\":\"https:\\\/\\\/regatyinfluencerow.roza.pl\\\/index.php\\\/i-edycja-regat\\\/\",\"name\":\"I edycja regat - Regaty Influencer\u00f3w\",\"isPartOf\":{\"@id\":\"https:\\\/\\\/regatyinfluencerow.roza.pl\\\/#website\"},\"primaryImageOfPage\":{\"@id\":\"https:\\\/\\\/regatyinfluencerow.roza.pl\\\/index.php\\\/i-edycja-regat\\\/#primaryimage\"},\"image\":{\"@id\":\"https:\\\/\\\/regatyinfluencerow.roza.pl\\\/index.php\\\/i-edycja-regat\\\/#primaryimage\"},\"thumbnailUrl\":\"http:\\\/\\\/www.roza.pl\\\/data\\\/uploads\\\/images\\\/blog\\\/regaty\\\/sedzia.jpg\",\"datePublished\":\"2016-04-17T11:19:26+00:00\",\"dateModified\":\"2016-04-21T18:50:14+00:00\",\"breadcrumb\":{\"@id\":\"https:\\\/\\\/regatyinfluencerow.roza.pl\\\/index.php\\\/i-edycja-regat\\\/#breadcrumb\"},\"inLanguage\":\"pl-PL\",\"potentialAction\":[{\"@type\":\"ReadAction\",\"target\":[\"https:\\\/\\\/regatyinfluencerow.roza.pl\\\/index.php\\\/i-edycja-regat\\\/\"]}]},{\"@type\":\"ImageObject\",\"inLanguage\":\"pl-PL\",\"@id\":\"https:\\\/\\\/regatyinfluencerow.roza.pl\\\/index.php\\\/i-edycja-regat\\\/#primaryimage\",\"url\":\"http:\\\/\\\/www.roza.pl\\\/data\\\/uploads\\\/images\\\/blog\\\/regaty\\\/sedzia.jpg\",\"contentUrl\":\"http:\\\/\\\/www.roza.pl\\\/data\\\/uploads\\\/images\\\/blog\\\/regaty\\\/sedzia.jpg\"},{\"@type\":\"BreadcrumbList\",\"@id\":\"https:\\\/\\\/regatyinfluencerow.roza.pl\\\/index.php\\\/i-edycja-regat\\\/#breadcrumb\",\"itemListElement\":[{\"@type\":\"ListItem\",\"position\":1,\"name\":\"Strona g\u0142\u00f3wna\",\"item\":\"https:\\\/\\\/regatyinfluencerow.roza.pl\\\/\"},{\"@type\":\"ListItem\",\"position\":2,\"name\":\"I edycja regat\"}]},{\"@type\":\"WebSite\",\"@id\":\"https:\\\/\\\/regatyinfluencerow.roza.pl\\\/#website\",\"url\":\"https:\\\/\\\/regatyinfluencerow.roza.pl\\\/\",\"name\":\"Regaty Influencer\u00f3w\",\"description\":\"o puchar R\u00f3\u017cy Wiatr\u00f3w\",\"publisher\":{\"@id\":\"https:\\\/\\\/regatyinfluencerow.roza.pl\\\/#organization\"},\"potentialAction\":[{\"@type\":\"SearchAction\",\"target\":{\"@type\":\"EntryPoint\",\"urlTemplate\":\"https:\\\/\\\/regatyinfluencerow.roza.pl\\\/?s={search_term_string}\"},\"query-input\":{\"@type\":\"PropertyValueSpecification\",\"valueRequired\":true,\"valueName\":\"search_term_string\"}}],\"inLanguage\":\"pl-PL\"},{\"@type\":\"Organization\",\"@id\":\"https:\\\/\\\/regatyinfluencerow.roza.pl\\\/#organization\",\"name\":\"Regaty Influencer\u00f3w\",\"url\":\"https:\\\/\\\/regatyinfluencerow.roza.pl\\\/\",\"logo\":{\"@type\":\"ImageObject\",\"inLanguage\":\"pl-PL\",\"@id\":\"https:\\\/\\\/regatyinfluencerow.roza.pl\\\/#\\\/schema\\\/logo\\\/image\\\/\",\"url\":\"https:\\\/\\\/regatyinfluencerow.roza.pl\\\/wp-content\\\/uploads\\\/2016\\\/04\\\/logoyotubesail-1024x934.png\",\"contentUrl\":\"https:\\\/\\\/regatyinfluencerow.roza.pl\\\/wp-content\\\/uploads\\\/2016\\\/04\\\/logoyotubesail-1024x934.png\",\"width\":1024,\"height\":934,\"caption\":\"Regaty Influencer\u00f3w\"},\"image\":{\"@id\":\"https:\\\/\\\/regatyinfluencerow.roza.pl\\\/#\\\/schema\\\/logo\\\/image\\\/\"}}]}<\/script>\n<!-- \/ Yoast SEO plugin. -->","yoast_head_json":{"title":"I edycja regat - Regaty Influencer\u00f3w","robots":{"index":"index","follow":"follow","max-snippet":"max-snippet:-1","max-image-preview":"max-image-preview:large","max-video-preview":"max-video-preview:-1"},"canonical":"https:\/\/regatyinfluencerow.roza.pl\/index.php\/i-edycja-regat\/","og_locale":"pl_PL","og_type":"article","og_title":"I edycja regat - Regaty Influencer\u00f3w","og_description":"I \u017beglarskie Mistrzostwa Polski YouTuber\u00f3w W dniach 8\u201310 maja 2015 roku odby\u0142y si\u0119 pierwsze w Polsce regaty YouTuber\u00f3w \u2013\u00a0wyj\u0105tkowe wydarzenie sportowe, dedykowane polskim YouTuberom. W pi\u0105tek [\u2026]","og_url":"https:\/\/regatyinfluencerow.roza.pl\/index.php\/i-edycja-regat\/","og_site_name":"Regaty Influencer\u00f3w","article_modified_time":"2016-04-21T18:50:14+00:00","og_image":[{"url":"http:\/\/www.roza.pl\/data\/uploads\/images\/blog\/regaty\/sedzia.jpg","type":"","width":"","height":""}],"twitter_card":"summary_large_image","twitter_misc":{"Szacowany czas czytania":"3 minuty"},"schema":{"@context":"https:\/\/schema.org","@graph":[{"@type":"WebPage","@id":"https:\/\/regatyinfluencerow.roza.pl\/index.php\/i-edycja-regat\/","url":"https:\/\/regatyinfluencerow.roza.pl\/index.php\/i-edycja-regat\/","name":"I edycja regat - Regaty Influencer\u00f3w","isPartOf":{"@id":"https:\/\/regatyinfluencerow.roza.pl\/#website"},"primaryImageOfPage":{"@id":"https:\/\/regatyinfluencerow.roza.pl\/index.php\/i-edycja-regat\/#primaryimage"},"image":{"@id":"https:\/\/regatyinfluencerow.roza.pl\/index.php\/i-edycja-regat\/#primaryimage"},"thumbnailUrl":"http:\/\/www.roza.pl\/data\/uploads\/images\/blog\/regaty\/sedzia.jpg","datePublished":"2016-04-17T11:19:26+00:00","dateModified":"2016-04-21T18:50:14+00:00","breadcrumb":{"@id":"https:\/\/regatyinfluencerow.roza.pl\/index.php\/i-edycja-regat\/#breadcrumb"},"inLanguage":"pl-PL","potentialAction":[{"@type":"ReadAction","target":["https:\/\/regatyinfluencerow.roza.pl\/index.php\/i-edycja-regat\/"]}]},{"@type":"ImageObject","inLanguage":"pl-PL","@id":"https:\/\/regatyinfluencerow.roza.pl\/index.php\/i-edycja-regat\/#primaryimage","url":"http:\/\/www.roza.pl\/data\/uploads\/images\/blog\/regaty\/sedzia.jpg","contentUrl":"http:\/\/www.roza.pl\/data\/uploads\/images\/blog\/regaty\/sedzia.jpg"},{"@type":"BreadcrumbList","@id":"https:\/\/regatyinfluencerow.roza.pl\/index.php\/i-edycja-regat\/#breadcrumb","itemListElement":[{"@type":"ListItem","position":1,"name":"Strona g\u0142\u00f3wna","item":"https:\/\/regatyinfluencerow.roza.pl\/"},{"@type":"ListItem","position":2,"name":"I edycja regat"}]},{"@type":"WebSite","@id":"https:\/\/regatyinfluencerow.roza.pl\/#website","url":"https:\/\/regatyinfluencerow.roza.pl\/","name":"Regaty Influencer\u00f3w","description":"o puchar R\u00f3\u017cy Wiatr\u00f3w","publisher":{"@id":"https:\/\/regatyinfluencerow.roza.pl\/#organization"},"potentialAction":[{"@type":"SearchAction","target":{"@type":"EntryPoint","urlTemplate":"https:\/\/regatyinfluencerow.roza.pl\/?s={search_term_string}"},"query-input":{"@type":"PropertyValueSpecification","valueRequired":true,"valueName":"search_term_string"}}],"inLanguage":"pl-PL"},{"@type":"Organization","@id":"https:\/\/regatyinfluencerow.roza.pl\/#organization","name":"Regaty Influencer\u00f3w","url":"https:\/\/regatyinfluencerow.roza.pl\/","logo":{"@type":"ImageObject","inLanguage":"pl-PL","@id":"https:\/\/regatyinfluencerow.roza.pl\/#\/schema\/logo\/image\/","url":"https:\/\/regatyinfluencerow.roza.pl\/wp-content\/uploads\/2016\/04\/logoyotubesail-1024x934.png","contentUrl":"https:\/\/regatyinfluencerow.roza.pl\/wp-content\/uploads\/2016\/04\/logoyotubesail-1024x934.png","width":1024,"height":934,"caption":"Regaty Influencer\u00f3w"},"image":{"@id":"https:\/\/regatyinfluencerow.roza.pl\/#\/schema\/logo\/image\/"}}]}},"_links":{"self":[{"href":"https:\/\/regatyinfluencerow.roza.pl\/index.php\/wp-json\/wp\/v2\/pages\/42","targetHints":{"allow":["GET"]}}],"collection":[{"href":"https:\/\/regatyinfluencerow.roza.pl\/index.php\/wp-json\/wp\/v2\/pages"}],"about":[{"href":"https:\/\/regatyinfluencerow.roza.pl\/index.php\/wp-json\/wp\/v2\/types\/page"}],"author":[{"embeddable":true,"href":"https:\/\/regatyinfluencerow.roza.pl\/index.php\/wp-json\/wp\/v2\/users\/2"}],"replies":[{"embeddable":true,"href":"https:\/\/regatyinfluencerow.roza.pl\/index.php\/wp-json\/wp\/v2\/comments?post=42"}],"version-history":[{"count":1,"href":"https:\/\/regatyinfluencerow.roza.pl\/index.php\/wp-json\/wp\/v2\/pages\/42\/revisions"}],"predecessor-version":[{"id":43,"href":"https:\/\/regatyinfluencerow.roza.pl\/index.php\/wp-json\/wp\/v2\/pages\/42\/revisions\/43"}],"wp:attachment":[{"href":"https:\/\/regatyinfluencerow.roza.pl\/index.php\/wp-json\/wp\/v2\/media?parent=42"}],"curies":[{"name":"wp","href":"https:\/\/api.w.org\/{rel}","templated":true}]}}