{"id":378,"date":"2017-05-15T13:18:23","date_gmt":"2017-05-15T11:18:23","guid":{"rendered":"http:\/\/regatyyoutuberow.roza.pl\/?page_id=378"},"modified":"2020-02-21T12:51:18","modified_gmt":"2020-02-21T11:51:18","slug":"iii-edycja-regat","status":"publish","type":"page","link":"https:\/\/regatyinfluencerow.roza.pl\/index.php\/iii-edycja-regat\/","title":{"rendered":"III edycja regat &#8211; relacja"},"content":{"rendered":"<h1>Relacja z III \u017beglarskich Mistrzostw Polski Youtuber\u00f3w o Puchar R\u00f3\u017cy Wiatr\u00f3w<\/h1>\n<h5>Ju\u017c po raz drugi z rz\u0119du za\u0142oga Szwagr\u00f3w si\u0119gn\u0119\u0142a po tytu\u0142 Mistrza Polski Regat YouTuber\u00f3w o Puchar R\u00f3\u017cy Wiatr\u00f3w. Do rywalizacji w\u0142\u0105czy\u0142o si\u0119 w sumie a\u017c 50 tw\u00f3rc\u00f3w, a walka trwa\u0142a do ostatnich metr\u00f3w. Regaty zako\u0144czy\u0142y si\u0119 remisem punktowych pomi\u0119dzy za\u0142og\u0105 \u015amiechawy i Cyber Mariana, a ekip\u0105 5sposob\u00f3w z Kuzynem Hindusem. Jednak o triumfie Szwagr\u00f3w i Mariana przes\u0105dzi\u0142o ostatecznie zaj\u0119cie lepszego miejsca w biegu fina\u0142owym.<\/h5>\n<h2>Regaty YouTuber\u00f3w ju\u017c po raz trzeci!<\/h2>\n<p><img loading=\"lazy\" decoding=\"async\" class=\"aligncenter wp-image-1600 size-large\" src=\"https:\/\/regatyyoutuberow.roza.pl\/wp-content\/uploads\/2017\/05\/Regaty-YouTuber\u00f3w-materia\u0142y-prasowe-7-1024x683.jpg\" alt=\"\" width=\"1024\" height=\"683\" srcset=\"https:\/\/regatyinfluencerow.roza.pl\/wp-content\/uploads\/2017\/05\/Regaty-YouTuber\u00f3w-materia\u0142y-prasowe-7-1024x683.jpg 1024w, https:\/\/regatyinfluencerow.roza.pl\/wp-content\/uploads\/2017\/05\/Regaty-YouTuber\u00f3w-materia\u0142y-prasowe-7-300x200.jpg 300w, https:\/\/regatyinfluencerow.roza.pl\/wp-content\/uploads\/2017\/05\/Regaty-YouTuber\u00f3w-materia\u0142y-prasowe-7-768x512.jpg 768w, https:\/\/regatyinfluencerow.roza.pl\/wp-content\/uploads\/2017\/05\/Regaty-YouTuber\u00f3w-materia\u0142y-prasowe-7-219x146.jpg 219w, https:\/\/regatyinfluencerow.roza.pl\/wp-content\/uploads\/2017\/05\/Regaty-YouTuber\u00f3w-materia\u0142y-prasowe-7-50x33.jpg 50w, https:\/\/regatyinfluencerow.roza.pl\/wp-content\/uploads\/2017\/05\/Regaty-YouTuber\u00f3w-materia\u0142y-prasowe-7-113x75.jpg 113w\" sizes=\"auto, (max-width: 1024px) 100vw, 1024px\" \/>W sobot\u0119, 13 maja, odby\u0142a si\u0119 trzecia ju\u017c edycja \u017beglarskich Mistrzostw Polski YouTuber\u00f3w o Puchar R\u00f3\u017cy Wiatr\u00f3w.\u00a0 W ostatniej ods\u0142onie \u017ceglarskich zmaga\u0144 do rywalizacji przyst\u0105pi\u0142o a\u017c 50 tw\u00f3rc\u00f3w. To rekord frekwencji w dotychczasowych edycjach, a wielu YouTuber\u00f3w ju\u017c zapowiedzia\u0142o sw\u00f3j przyjazd za rok.<\/p>\n<h2>Drugi tytu\u0142 Mistrz\u00f3w Polski<\/h2>\n<p>W\u015br\u00f3d stawki YouTuber\u00f3w, bior\u0105cych udzia\u0142 w tegorocznej edycji regat znalaz\u0142 si\u0119 Szwagier z kana\u0142u \u015amiechawa \u2013 Mistrz Polski z ubieg\u0142ego roku, do kt\u00f3rego do\u0142\u0105czy\u0142 Cyber Marian i wsp\u00f3lnie zapowiedzieli walk\u0119 o obron\u0119 tytu\u0142u. Pozostali uczestnicy r\u00f3wnie\u017c nie z\u0142o\u017cyli broni i w bojowych nastrojach przybyli do R\u00f3\u017cy Wiatr\u00f3w na Mazurach. W stawce znale\u017ali si\u0119 r\u00f3wnie\u017c m.in.: Magik Y, Letni Chamski Podryw, Dominik Szarek, Beksy, Astrofaza, Emce\u25a1, Madeline Gavi, Seto, Gimper, Rojo, Izak, czy ch\u0142opaki z \u201e5 sposob\u00f3w na\u2026\u201d.<\/p>\n<p><img loading=\"lazy\" decoding=\"async\" class=\"aligncenter size-large wp-image-1595\" src=\"https:\/\/regatyyoutuberow.roza.pl\/wp-content\/uploads\/2017\/05\/Regaty-YouTuber\u00f3w_materia\u0142y-prasowe-2-1024x683.jpg\" alt=\"\" width=\"1024\" height=\"683\" srcset=\"https:\/\/regatyinfluencerow.roza.pl\/wp-content\/uploads\/2017\/05\/Regaty-YouTuber\u00f3w_materia\u0142y-prasowe-2-1024x683.jpg 1024w, https:\/\/regatyinfluencerow.roza.pl\/wp-content\/uploads\/2017\/05\/Regaty-YouTuber\u00f3w_materia\u0142y-prasowe-2-300x200.jpg 300w, https:\/\/regatyinfluencerow.roza.pl\/wp-content\/uploads\/2017\/05\/Regaty-YouTuber\u00f3w_materia\u0142y-prasowe-2-768x512.jpg 768w, https:\/\/regatyinfluencerow.roza.pl\/wp-content\/uploads\/2017\/05\/Regaty-YouTuber\u00f3w_materia\u0142y-prasowe-2-219x146.jpg 219w, https:\/\/regatyinfluencerow.roza.pl\/wp-content\/uploads\/2017\/05\/Regaty-YouTuber\u00f3w_materia\u0142y-prasowe-2-50x33.jpg 50w, https:\/\/regatyinfluencerow.roza.pl\/wp-content\/uploads\/2017\/05\/Regaty-YouTuber\u00f3w_materia\u0142y-prasowe-2-113x75.jpg 113w\" sizes=\"auto, (max-width: 1024px) 100vw, 1024px\" \/><\/p>\n<p>To w\u0142a\u015bnie Ci ostatni toczyli do samego ko\u0144ca zaci\u0119ty b\u00f3j z za\u0142og\u0105 Szwagr\u00f3w, wygrywaj\u0105c w pierwszym biegu.<\/p>\n<p><img loading=\"lazy\" decoding=\"async\" class=\"aligncenter wp-image-1601 size-large\" src=\"https:\/\/regatyyoutuberow.roza.pl\/wp-content\/uploads\/2017\/05\/Regaty-YouTuber\u00f3w-materia\u0142y-prasowe-10-1024x683.jpg\" alt=\"\" width=\"1024\" height=\"683\" srcset=\"https:\/\/regatyinfluencerow.roza.pl\/wp-content\/uploads\/2017\/05\/Regaty-YouTuber\u00f3w-materia\u0142y-prasowe-10-1024x683.jpg 1024w, https:\/\/regatyinfluencerow.roza.pl\/wp-content\/uploads\/2017\/05\/Regaty-YouTuber\u00f3w-materia\u0142y-prasowe-10-300x200.jpg 300w, https:\/\/regatyinfluencerow.roza.pl\/wp-content\/uploads\/2017\/05\/Regaty-YouTuber\u00f3w-materia\u0142y-prasowe-10-768x512.jpg 768w, https:\/\/regatyinfluencerow.roza.pl\/wp-content\/uploads\/2017\/05\/Regaty-YouTuber\u00f3w-materia\u0142y-prasowe-10-219x146.jpg 219w, https:\/\/regatyinfluencerow.roza.pl\/wp-content\/uploads\/2017\/05\/Regaty-YouTuber\u00f3w-materia\u0142y-prasowe-10-50x33.jpg 50w, https:\/\/regatyinfluencerow.roza.pl\/wp-content\/uploads\/2017\/05\/Regaty-YouTuber\u00f3w-materia\u0142y-prasowe-10-113x75.jpg 113w\" sizes=\"auto, (max-width: 1024px) 100vw, 1024px\" \/><\/p>\n<p>Na drugim miejscu na mecie zameldowa\u0142a si\u0119 ekipa Beks z Madeline Gavi, a tu\u017c za nimi Rojo Izak oraz Cz\u0142owiek Warga.<\/p>\n<p><img loading=\"lazy\" decoding=\"async\" class=\"aligncenter size-large wp-image-1603\" src=\"https:\/\/regatyyoutuberow.roza.pl\/wp-content\/uploads\/2017\/05\/Regaty-YouTuber\u00f3w_materia\u0142y-prasowe-1-1024x683.jpg\" alt=\"\" width=\"1024\" height=\"683\" srcset=\"https:\/\/regatyinfluencerow.roza.pl\/wp-content\/uploads\/2017\/05\/Regaty-YouTuber\u00f3w_materia\u0142y-prasowe-1-1024x683.jpg 1024w, https:\/\/regatyinfluencerow.roza.pl\/wp-content\/uploads\/2017\/05\/Regaty-YouTuber\u00f3w_materia\u0142y-prasowe-1-300x200.jpg 300w, https:\/\/regatyinfluencerow.roza.pl\/wp-content\/uploads\/2017\/05\/Regaty-YouTuber\u00f3w_materia\u0142y-prasowe-1-768x512.jpg 768w, https:\/\/regatyinfluencerow.roza.pl\/wp-content\/uploads\/2017\/05\/Regaty-YouTuber\u00f3w_materia\u0142y-prasowe-1-219x146.jpg 219w, https:\/\/regatyinfluencerow.roza.pl\/wp-content\/uploads\/2017\/05\/Regaty-YouTuber\u00f3w_materia\u0142y-prasowe-1-50x33.jpg 50w, https:\/\/regatyinfluencerow.roza.pl\/wp-content\/uploads\/2017\/05\/Regaty-YouTuber\u00f3w_materia\u0142y-prasowe-1-113x75.jpg 113w\" sizes=\"auto, (max-width: 1024px) 100vw, 1024px\" \/>W drugim fina\u0142owym biegu trzecie miejsce ponownie utrzyma\u0142a za\u0142oga Easy Peasy z Rojem na czele i to w\u0142a\u015bnie oni zdobyli br\u0105zowy medal i tytu\u0142 drugiego Wicemistrza Polski.<\/p>\n<p><img loading=\"lazy\" decoding=\"async\" class=\"aligncenter wp-image-1599 size-large\" src=\"https:\/\/regatyyoutuberow.roza.pl\/wp-content\/uploads\/2017\/05\/Regaty-YouTuber\u00f3w_materia\u0142y-prasowe-32-1024x683.jpg\" alt=\"\" width=\"1024\" height=\"683\" srcset=\"https:\/\/regatyinfluencerow.roza.pl\/wp-content\/uploads\/2017\/05\/Regaty-YouTuber\u00f3w_materia\u0142y-prasowe-32-1024x683.jpg 1024w, https:\/\/regatyinfluencerow.roza.pl\/wp-content\/uploads\/2017\/05\/Regaty-YouTuber\u00f3w_materia\u0142y-prasowe-32-300x200.jpg 300w, https:\/\/regatyinfluencerow.roza.pl\/wp-content\/uploads\/2017\/05\/Regaty-YouTuber\u00f3w_materia\u0142y-prasowe-32-768x512.jpg 768w, https:\/\/regatyinfluencerow.roza.pl\/wp-content\/uploads\/2017\/05\/Regaty-YouTuber\u00f3w_materia\u0142y-prasowe-32-219x146.jpg 219w, https:\/\/regatyinfluencerow.roza.pl\/wp-content\/uploads\/2017\/05\/Regaty-YouTuber\u00f3w_materia\u0142y-prasowe-32-50x33.jpg 50w, https:\/\/regatyinfluencerow.roza.pl\/wp-content\/uploads\/2017\/05\/Regaty-YouTuber\u00f3w_materia\u0142y-prasowe-32-113x75.jpg 113w\" sizes=\"auto, (max-width: 1024px) 100vw, 1024px\" \/><\/p>\n<p>Drudzy na mecie pojawili si\u0119 Magik Y, Walenie, Sadam, Rudy Cz\u0142owiek i Dominik Szarek, dzi\u0119ki czemu awansowali i finalnie uplasowali si\u0119 na czwartym miejscu. Natomiast pierwsza lini\u0119 mety przep\u0142yn\u0119\u0142a za\u0142oga Cyber \u015amiechawy, kt\u00f3ra w klasyfikacji generalnej zgromadzi\u0142a tak\u0105 sam\u0105 liczb\u0119 punkt\u00f3w jak ekipa \u201e5 sposob\u00f3w na\u2026\u201d.<\/p>\n<p><img loading=\"lazy\" decoding=\"async\" class=\"aligncenter wp-image-1597 size-large\" src=\"https:\/\/regatyyoutuberow.roza.pl\/wp-content\/uploads\/2017\/05\/Regaty-YouTuber\u00f3w_materia\u0142y-prasowe-4-1024x683.jpg\" alt=\"\" width=\"1024\" height=\"683\" srcset=\"https:\/\/regatyinfluencerow.roza.pl\/wp-content\/uploads\/2017\/05\/Regaty-YouTuber\u00f3w_materia\u0142y-prasowe-4-1024x683.jpg 1024w, https:\/\/regatyinfluencerow.roza.pl\/wp-content\/uploads\/2017\/05\/Regaty-YouTuber\u00f3w_materia\u0142y-prasowe-4-300x200.jpg 300w, https:\/\/regatyinfluencerow.roza.pl\/wp-content\/uploads\/2017\/05\/Regaty-YouTuber\u00f3w_materia\u0142y-prasowe-4-768x512.jpg 768w, https:\/\/regatyinfluencerow.roza.pl\/wp-content\/uploads\/2017\/05\/Regaty-YouTuber\u00f3w_materia\u0142y-prasowe-4-219x146.jpg 219w, https:\/\/regatyinfluencerow.roza.pl\/wp-content\/uploads\/2017\/05\/Regaty-YouTuber\u00f3w_materia\u0142y-prasowe-4-50x33.jpg 50w, https:\/\/regatyinfluencerow.roza.pl\/wp-content\/uploads\/2017\/05\/Regaty-YouTuber\u00f3w_materia\u0142y-prasowe-4-113x75.jpg 113w\" sizes=\"auto, (max-width: 1024px) 100vw, 1024px\" \/><\/p>\n<p>Jednak z uwagi na zaj\u0119cie wy\u017cszego miejsca w biegu fina\u0142owych to w\u0142a\u015bnie Szwagry i Cyber Marian stan\u0119li na najwy\u017cszym stopniu podium zdobywaj\u0105c z\u0142ote medale i Puchar R\u00f3\u017cy Wiatr\u00f3w.<\/p>\n<blockquote><p>To ju\u017c ich drugie zwyci\u0119stwo z rz\u0119du i drugi mistrzowski tytu\u0142. &#8211; Trzeci raz bierzemy udzia\u0142 w regatach i drugi raz stajemy na najwy\u017cszym podium, kolekcja Puchar\u00f3w si\u0119 powi\u0119ksza. Bardzo cieszymy z obecno\u015bci na tych zawodach, panuje tu fantastyczna atmosfera i z pewno\u015bci\u0105 nie zabraknie nas tu r\u00f3wnie\u017c za rok!<\/p><\/blockquote>\n<p>\u2013 podsumowa\u0142 Szwagier tu\u017c po ceremonii dekoracji.<\/p>\n<h2>Zn\u00f3w dali z siebie wi\u0119cej<\/h2>\n<p>Regaty YouTuber\u00f3w to nie tylko sportowa rywalizacja i dobra zabawa. R\u00f3\u017ca Wiatr\u00f3w \u2013 organizator wydarzenia wsp\u00f3lnie z charytatywni.allegro.pl ju\u017c po raz drugi zorganizowali akcj\u0119 spo\u0142eczn\u0105 #dajzsiebiewiecej, w ramach kt\u00f3rej YouTuberzy przekazywali od siebie fanty, kt\u00f3re zostan\u0105 wkr\u00f3tce wystawione na aukcje. Wszystkie zebrane w tym roku \u015brodku przekazane zostan\u0105 na leczenie Boguszka, bliskiego przyjaciela tw\u00f3rc\u00f3w z kana\u0142u \u015amiechawaTV. Na licytacj\u0119 trafi\u0105 mi\u0119dzy innymi nagrody od Szwagr\u00f3w i Mariana, zdobyte przez nich podczas regat, tygodniowy rejs po Mazurach, przekazany przez \u201e5sposob\u00f3w\u201d,<\/p>\n<p><img loading=\"lazy\" decoding=\"async\" class=\"aligncenter wp-image-1598 size-large\" src=\"https:\/\/regatyyoutuberow.roza.pl\/wp-content\/uploads\/2017\/05\/Regaty-YouTuber\u00f3w_materia\u0142y-prasowe-25-1024x683.jpg\" alt=\"\" width=\"1024\" height=\"683\" srcset=\"https:\/\/regatyinfluencerow.roza.pl\/wp-content\/uploads\/2017\/05\/Regaty-YouTuber\u00f3w_materia\u0142y-prasowe-25-1024x683.jpg 1024w, https:\/\/regatyinfluencerow.roza.pl\/wp-content\/uploads\/2017\/05\/Regaty-YouTuber\u00f3w_materia\u0142y-prasowe-25-300x200.jpg 300w, https:\/\/regatyinfluencerow.roza.pl\/wp-content\/uploads\/2017\/05\/Regaty-YouTuber\u00f3w_materia\u0142y-prasowe-25-768x512.jpg 768w, https:\/\/regatyinfluencerow.roza.pl\/wp-content\/uploads\/2017\/05\/Regaty-YouTuber\u00f3w_materia\u0142y-prasowe-25-219x146.jpg 219w, https:\/\/regatyinfluencerow.roza.pl\/wp-content\/uploads\/2017\/05\/Regaty-YouTuber\u00f3w_materia\u0142y-prasowe-25-50x33.jpg 50w, https:\/\/regatyinfluencerow.roza.pl\/wp-content\/uploads\/2017\/05\/Regaty-YouTuber\u00f3w_materia\u0142y-prasowe-25-113x75.jpg 113w\" sizes=\"auto, (max-width: 1024px) 100vw, 1024px\" \/><\/p>\n<p>obraz Magdy Gaw\u0119ckiej, zegarki od Jcoba, klaps filmowy od EMCE\u25a1<br \/>\ni wiele innych, cennych przedmiot\u00f3w.<\/p>\n<p>&nbsp;<\/p>\n<p><img loading=\"lazy\" decoding=\"async\" class=\"aligncenter wp-image-1602 size-large\" src=\"https:\/\/regatyyoutuberow.roza.pl\/wp-content\/uploads\/2017\/05\/Regaty-YouTuber\u00f3w-materia\u0142y-prasowe-12-1024x683.jpg\" alt=\"\" width=\"1024\" height=\"683\" srcset=\"https:\/\/regatyinfluencerow.roza.pl\/wp-content\/uploads\/2017\/05\/Regaty-YouTuber\u00f3w-materia\u0142y-prasowe-12-1024x683.jpg 1024w, https:\/\/regatyinfluencerow.roza.pl\/wp-content\/uploads\/2017\/05\/Regaty-YouTuber\u00f3w-materia\u0142y-prasowe-12-300x200.jpg 300w, https:\/\/regatyinfluencerow.roza.pl\/wp-content\/uploads\/2017\/05\/Regaty-YouTuber\u00f3w-materia\u0142y-prasowe-12-768x512.jpg 768w, https:\/\/regatyinfluencerow.roza.pl\/wp-content\/uploads\/2017\/05\/Regaty-YouTuber\u00f3w-materia\u0142y-prasowe-12-219x146.jpg 219w, https:\/\/regatyinfluencerow.roza.pl\/wp-content\/uploads\/2017\/05\/Regaty-YouTuber\u00f3w-materia\u0142y-prasowe-12-50x33.jpg 50w, https:\/\/regatyinfluencerow.roza.pl\/wp-content\/uploads\/2017\/05\/Regaty-YouTuber\u00f3w-materia\u0142y-prasowe-12-113x75.jpg 113w\" sizes=\"auto, (max-width: 1024px) 100vw, 1024px\" \/><\/p>\n<p><strong>Pe\u0142na lista uczestnik\u00f3w:<\/strong><br \/>\n5 sposob\u00f3w, Kuzyn Hindus, Letni Chamski Podryw, Magik Y, Walenie, Dominik Szarek, Sadam, Rudy Cz\u0142owiek, Szwagier, Cyber Marian, Rojo, Izak, Z Dupy, Beksy, Madeline Gavi, Czokled, SMAV, Pan Skrobski, Danceconnectspeople, Alien, Dev, Pan Kubaka, Skyen, Luure, Astrofaza, Czas Gentleman\u00f3w, EMCE\u25a1, Jcob, Sou Shibo, CTSG, Gimper, Ewelina Orzegowska, Kolega Ignacy<\/p>\n<p>ZAPRASZAMY ZA ROK! \ud83d\ude42<\/p>\n","protected":false},"excerpt":{"rendered":"<p>Relacja z III \u017beglarskich Mistrzostw Polski Youtuber\u00f3w o Puchar R\u00f3\u017cy Wiatr\u00f3w Ju\u017c po raz drugi z rz\u0119du za\u0142oga Szwagr\u00f3w si\u0119gn\u0119\u0142a po tytu\u0142 Mistrza Polski Regat YouTuber\u00f3w<span class=\"excerpt-hellip\"> [\u2026]<\/span><\/p>\n","protected":false},"author":2,"featured_media":0,"parent":0,"menu_order":0,"comment_status":"open","ping_status":"closed","template":"","meta":{"_acf_changed":false,"footnotes":""},"class_list":["post-378","page","type-page","status-publish","hentry"],"acf":[],"yoast_head":"<!-- This site is optimized with the Yoast SEO plugin v27.5 - https:\/\/yoast.com\/product\/yoast-seo-wordpress\/ -->\n<title>III edycja regat - relacja - Regaty Influencer\u00f3w<\/title>\n<meta name=\"robots\" content=\"index, follow, max-snippet:-1, max-image-preview:large, max-video-preview:-1\" \/>\n<link rel=\"canonical\" href=\"https:\/\/regatyinfluencerow.roza.pl\/index.php\/iii-edycja-regat\/\" \/>\n<meta property=\"og:locale\" content=\"pl_PL\" \/>\n<meta property=\"og:type\" content=\"article\" \/>\n<meta property=\"og:title\" content=\"III edycja regat - relacja - Regaty Influencer\u00f3w\" \/>\n<meta property=\"og:description\" content=\"Relacja z III \u017beglarskich Mistrzostw Polski Youtuber\u00f3w o Puchar R\u00f3\u017cy Wiatr\u00f3w Ju\u017c po raz drugi z rz\u0119du za\u0142oga Szwagr\u00f3w si\u0119gn\u0119\u0142a po tytu\u0142 Mistrza Polski Regat YouTuber\u00f3w [\u2026]\" \/>\n<meta property=\"og:url\" content=\"https:\/\/regatyinfluencerow.roza.pl\/index.php\/iii-edycja-regat\/\" \/>\n<meta property=\"og:site_name\" content=\"Regaty Influencer\u00f3w\" \/>\n<meta property=\"article:modified_time\" content=\"2020-02-21T11:51:18+00:00\" \/>\n<meta name=\"twitter:card\" content=\"summary_large_image\" \/>\n<meta name=\"twitter:label1\" content=\"Szacowany czas czytania\" \/>\n\t<meta name=\"twitter:data1\" content=\"3 minuty\" \/>\n<script type=\"application\/ld+json\" class=\"yoast-schema-graph\">{\"@context\":\"https:\\\/\\\/schema.org\",\"@graph\":[{\"@type\":\"WebPage\",\"@id\":\"https:\\\/\\\/regatyinfluencerow.roza.pl\\\/index.php\\\/iii-edycja-regat\\\/\",\"url\":\"https:\\\/\\\/regatyinfluencerow.roza.pl\\\/index.php\\\/iii-edycja-regat\\\/\",\"name\":\"III edycja regat - relacja - Regaty Influencer\u00f3w\",\"isPartOf\":{\"@id\":\"https:\\\/\\\/regatyinfluencerow.roza.pl\\\/#website\"},\"datePublished\":\"2017-05-15T11:18:23+00:00\",\"dateModified\":\"2020-02-21T11:51:18+00:00\",\"breadcrumb\":{\"@id\":\"https:\\\/\\\/regatyinfluencerow.roza.pl\\\/index.php\\\/iii-edycja-regat\\\/#breadcrumb\"},\"inLanguage\":\"pl-PL\",\"potentialAction\":[{\"@type\":\"ReadAction\",\"target\":[\"https:\\\/\\\/regatyinfluencerow.roza.pl\\\/index.php\\\/iii-edycja-regat\\\/\"]}]},{\"@type\":\"BreadcrumbList\",\"@id\":\"https:\\\/\\\/regatyinfluencerow.roza.pl\\\/index.php\\\/iii-edycja-regat\\\/#breadcrumb\",\"itemListElement\":[{\"@type\":\"ListItem\",\"position\":1,\"name\":\"Strona g\u0142\u00f3wna\",\"item\":\"https:\\\/\\\/regatyinfluencerow.roza.pl\\\/\"},{\"@type\":\"ListItem\",\"position\":2,\"name\":\"III edycja regat &#8211; relacja\"}]},{\"@type\":\"WebSite\",\"@id\":\"https:\\\/\\\/regatyinfluencerow.roza.pl\\\/#website\",\"url\":\"https:\\\/\\\/regatyinfluencerow.roza.pl\\\/\",\"name\":\"Regaty Influencer\u00f3w\",\"description\":\"o puchar R\u00f3\u017cy Wiatr\u00f3w\",\"publisher\":{\"@id\":\"https:\\\/\\\/regatyinfluencerow.roza.pl\\\/#organization\"},\"potentialAction\":[{\"@type\":\"SearchAction\",\"target\":{\"@type\":\"EntryPoint\",\"urlTemplate\":\"https:\\\/\\\/regatyinfluencerow.roza.pl\\\/?s={search_term_string}\"},\"query-input\":{\"@type\":\"PropertyValueSpecification\",\"valueRequired\":true,\"valueName\":\"search_term_string\"}}],\"inLanguage\":\"pl-PL\"},{\"@type\":\"Organization\",\"@id\":\"https:\\\/\\\/regatyinfluencerow.roza.pl\\\/#organization\",\"name\":\"Regaty Influencer\u00f3w\",\"url\":\"https:\\\/\\\/regatyinfluencerow.roza.pl\\\/\",\"logo\":{\"@type\":\"ImageObject\",\"inLanguage\":\"pl-PL\",\"@id\":\"https:\\\/\\\/regatyinfluencerow.roza.pl\\\/#\\\/schema\\\/logo\\\/image\\\/\",\"url\":\"https:\\\/\\\/regatyinfluencerow.roza.pl\\\/wp-content\\\/uploads\\\/2016\\\/04\\\/logoyotubesail-1024x934.png\",\"contentUrl\":\"https:\\\/\\\/regatyinfluencerow.roza.pl\\\/wp-content\\\/uploads\\\/2016\\\/04\\\/logoyotubesail-1024x934.png\",\"width\":1024,\"height\":934,\"caption\":\"Regaty Influencer\u00f3w\"},\"image\":{\"@id\":\"https:\\\/\\\/regatyinfluencerow.roza.pl\\\/#\\\/schema\\\/logo\\\/image\\\/\"}}]}<\/script>\n<!-- \/ Yoast SEO plugin. -->","yoast_head_json":{"title":"III edycja regat - relacja - Regaty Influencer\u00f3w","robots":{"index":"index","follow":"follow","max-snippet":"max-snippet:-1","max-image-preview":"max-image-preview:large","max-video-preview":"max-video-preview:-1"},"canonical":"https:\/\/regatyinfluencerow.roza.pl\/index.php\/iii-edycja-regat\/","og_locale":"pl_PL","og_type":"article","og_title":"III edycja regat - relacja - Regaty Influencer\u00f3w","og_description":"Relacja z III \u017beglarskich Mistrzostw Polski Youtuber\u00f3w o Puchar R\u00f3\u017cy Wiatr\u00f3w Ju\u017c po raz drugi z rz\u0119du za\u0142oga Szwagr\u00f3w si\u0119gn\u0119\u0142a po tytu\u0142 Mistrza Polski Regat YouTuber\u00f3w [\u2026]","og_url":"https:\/\/regatyinfluencerow.roza.pl\/index.php\/iii-edycja-regat\/","og_site_name":"Regaty Influencer\u00f3w","article_modified_time":"2020-02-21T11:51:18+00:00","twitter_card":"summary_large_image","twitter_misc":{"Szacowany czas czytania":"3 minuty"},"schema":{"@context":"https:\/\/schema.org","@graph":[{"@type":"WebPage","@id":"https:\/\/regatyinfluencerow.roza.pl\/index.php\/iii-edycja-regat\/","url":"https:\/\/regatyinfluencerow.roza.pl\/index.php\/iii-edycja-regat\/","name":"III edycja regat - relacja - Regaty Influencer\u00f3w","isPartOf":{"@id":"https:\/\/regatyinfluencerow.roza.pl\/#website"},"datePublished":"2017-05-15T11:18:23+00:00","dateModified":"2020-02-21T11:51:18+00:00","breadcrumb":{"@id":"https:\/\/regatyinfluencerow.roza.pl\/index.php\/iii-edycja-regat\/#breadcrumb"},"inLanguage":"pl-PL","potentialAction":[{"@type":"ReadAction","target":["https:\/\/regatyinfluencerow.roza.pl\/index.php\/iii-edycja-regat\/"]}]},{"@type":"BreadcrumbList","@id":"https:\/\/regatyinfluencerow.roza.pl\/index.php\/iii-edycja-regat\/#breadcrumb","itemListElement":[{"@type":"ListItem","position":1,"name":"Strona g\u0142\u00f3wna","item":"https:\/\/regatyinfluencerow.roza.pl\/"},{"@type":"ListItem","position":2,"name":"III edycja regat &#8211; relacja"}]},{"@type":"WebSite","@id":"https:\/\/regatyinfluencerow.roza.pl\/#website","url":"https:\/\/regatyinfluencerow.roza.pl\/","name":"Regaty Influencer\u00f3w","description":"o puchar R\u00f3\u017cy Wiatr\u00f3w","publisher":{"@id":"https:\/\/regatyinfluencerow.roza.pl\/#organization"},"potentialAction":[{"@type":"SearchAction","target":{"@type":"EntryPoint","urlTemplate":"https:\/\/regatyinfluencerow.roza.pl\/?s={search_term_string}"},"query-input":{"@type":"PropertyValueSpecification","valueRequired":true,"valueName":"search_term_string"}}],"inLanguage":"pl-PL"},{"@type":"Organization","@id":"https:\/\/regatyinfluencerow.roza.pl\/#organization","name":"Regaty Influencer\u00f3w","url":"https:\/\/regatyinfluencerow.roza.pl\/","logo":{"@type":"ImageObject","inLanguage":"pl-PL","@id":"https:\/\/regatyinfluencerow.roza.pl\/#\/schema\/logo\/image\/","url":"https:\/\/regatyinfluencerow.roza.pl\/wp-content\/uploads\/2016\/04\/logoyotubesail-1024x934.png","contentUrl":"https:\/\/regatyinfluencerow.roza.pl\/wp-content\/uploads\/2016\/04\/logoyotubesail-1024x934.png","width":1024,"height":934,"caption":"Regaty Influencer\u00f3w"},"image":{"@id":"https:\/\/regatyinfluencerow.roza.pl\/#\/schema\/logo\/image\/"}}]}},"_links":{"self":[{"href":"https:\/\/regatyinfluencerow.roza.pl\/index.php\/wp-json\/wp\/v2\/pages\/378","targetHints":{"allow":["GET"]}}],"collection":[{"href":"https:\/\/regatyinfluencerow.roza.pl\/index.php\/wp-json\/wp\/v2\/pages"}],"about":[{"href":"https:\/\/regatyinfluencerow.roza.pl\/index.php\/wp-json\/wp\/v2\/types\/page"}],"author":[{"embeddable":true,"href":"https:\/\/regatyinfluencerow.roza.pl\/index.php\/wp-json\/wp\/v2\/users\/2"}],"replies":[{"embeddable":true,"href":"https:\/\/regatyinfluencerow.roza.pl\/index.php\/wp-json\/wp\/v2\/comments?post=378"}],"version-history":[{"count":13,"href":"https:\/\/regatyinfluencerow.roza.pl\/index.php\/wp-json\/wp\/v2\/pages\/378\/revisions"}],"predecessor-version":[{"id":2561,"href":"https:\/\/regatyinfluencerow.roza.pl\/index.php\/wp-json\/wp\/v2\/pages\/378\/revisions\/2561"}],"wp:attachment":[{"href":"https:\/\/regatyinfluencerow.roza.pl\/index.php\/wp-json\/wp\/v2\/media?parent=378"}],"curies":[{"name":"wp","href":"https:\/\/api.w.org\/{rel}","templated":true}]}}