{"id":3700,"date":"2024-02-22T17:33:58","date_gmt":"2024-02-22T16:33:58","guid":{"rendered":"https:\/\/regatyinfluencerow.roza.pl\/?page_id=3700"},"modified":"2024-05-18T20:13:23","modified_gmt":"2024-05-18T18:13:23","slug":"partnerzy2024","status":"publish","type":"page","link":"https:\/\/regatyinfluencerow.roza.pl\/index.php\/partnerzy2024\/","title":{"rendered":"Partnerzy 2024"},"content":{"rendered":"<h1 style=\"text-align: center;\"><span style=\"color: #000000;\">Partnerzy VIII edycji \u017beglarskich Mistrzostw Polski YouTuber\u00f3w<\/span><\/h1>\n<p>Poni\u017cej prezentujemy potwierdzonych partner\u00f3w imprezy. W najbli\u017cszym czasie sporo nowo\u015bci!<\/p>\n<p>&nbsp;<\/p>\n<h2 style=\"text-align: center;\"><b>Partner g\u0142\u00f3wny:<\/b><\/h2>\n<p><img loading=\"lazy\" decoding=\"async\" class=\"aligncenter wp-image-3369 size-medium\" src=\"https:\/\/regatyinfluencerow.roza.pl\/wp-content\/uploads\/2023\/04\/m4k-300x279.png\" alt=\"\" width=\"300\" height=\"279\" srcset=\"https:\/\/regatyinfluencerow.roza.pl\/wp-content\/uploads\/2023\/04\/m4k-300x279.png 300w, https:\/\/regatyinfluencerow.roza.pl\/wp-content\/uploads\/2023\/04\/m4k-157x146.png 157w, https:\/\/regatyinfluencerow.roza.pl\/wp-content\/uploads\/2023\/04\/m4k-50x46.png 50w, https:\/\/regatyinfluencerow.roza.pl\/wp-content\/uploads\/2023\/04\/m4k-81x75.png 81w, https:\/\/regatyinfluencerow.roza.pl\/wp-content\/uploads\/2023\/04\/m4k.png 760w\" sizes=\"auto, (max-width: 300px) 100vw, 300px\" \/><\/p>\n<p>&nbsp;<\/p>\n<hr \/>\n<h2 style=\"text-align: center;\"><b>Partnerzy:<\/b><\/h2>\n<h1 style=\"text-align: center;\"><strong>CK Complex<\/strong><\/h1>\n<p>&nbsp;<\/p>\n<p>&nbsp;<\/p>\n<p><img loading=\"lazy\" decoding=\"async\" class=\"aligncenter size-medium wp-image-3519\" src=\"https:\/\/regatyinfluencerow.roza.pl\/wp-content\/uploads\/2023\/06\/warmia_mazury_LOGO_RGB-300x300.jpg\" alt=\"\" width=\"300\" height=\"300\" srcset=\"https:\/\/regatyinfluencerow.roza.pl\/wp-content\/uploads\/2023\/06\/warmia_mazury_LOGO_RGB-300x300.jpg 300w, https:\/\/regatyinfluencerow.roza.pl\/wp-content\/uploads\/2023\/06\/warmia_mazury_LOGO_RGB-1024x1024.jpg 1024w, https:\/\/regatyinfluencerow.roza.pl\/wp-content\/uploads\/2023\/06\/warmia_mazury_LOGO_RGB-150x150.jpg 150w, https:\/\/regatyinfluencerow.roza.pl\/wp-content\/uploads\/2023\/06\/warmia_mazury_LOGO_RGB-768x768.jpg 768w, https:\/\/regatyinfluencerow.roza.pl\/wp-content\/uploads\/2023\/06\/warmia_mazury_LOGO_RGB-1536x1536.jpg 1536w, https:\/\/regatyinfluencerow.roza.pl\/wp-content\/uploads\/2023\/06\/warmia_mazury_LOGO_RGB-146x146.jpg 146w, https:\/\/regatyinfluencerow.roza.pl\/wp-content\/uploads\/2023\/06\/warmia_mazury_LOGO_RGB-50x50.jpg 50w, https:\/\/regatyinfluencerow.roza.pl\/wp-content\/uploads\/2023\/06\/warmia_mazury_LOGO_RGB-75x75.jpg 75w, https:\/\/regatyinfluencerow.roza.pl\/wp-content\/uploads\/2023\/06\/warmia_mazury_LOGO_RGB-85x85.jpg 85w, https:\/\/regatyinfluencerow.roza.pl\/wp-content\/uploads\/2023\/06\/warmia_mazury_LOGO_RGB-80x80.jpg 80w, https:\/\/regatyinfluencerow.roza.pl\/wp-content\/uploads\/2023\/06\/warmia_mazury_LOGO_RGB.jpg 1697w\" sizes=\"auto, (max-width: 300px) 100vw, 300px\" \/><\/p>\n<p>&nbsp;<\/p>\n<p><img loading=\"lazy\" decoding=\"async\" class=\"aligncenter wp-image-3471 \" src=\"https:\/\/regatyinfluencerow.roza.pl\/wp-content\/uploads\/2023\/05\/1_FIT_CITY_Wegorzewo_color-300x185.png\" alt=\"\" width=\"421\" height=\"260\" srcset=\"https:\/\/regatyinfluencerow.roza.pl\/wp-content\/uploads\/2023\/05\/1_FIT_CITY_Wegorzewo_color-300x185.png 300w, https:\/\/regatyinfluencerow.roza.pl\/wp-content\/uploads\/2023\/05\/1_FIT_CITY_Wegorzewo_color-768x473.png 768w, https:\/\/regatyinfluencerow.roza.pl\/wp-content\/uploads\/2023\/05\/1_FIT_CITY_Wegorzewo_color-237x146.png 237w, https:\/\/regatyinfluencerow.roza.pl\/wp-content\/uploads\/2023\/05\/1_FIT_CITY_Wegorzewo_color-50x31.png 50w, https:\/\/regatyinfluencerow.roza.pl\/wp-content\/uploads\/2023\/05\/1_FIT_CITY_Wegorzewo_color-122x75.png 122w, https:\/\/regatyinfluencerow.roza.pl\/wp-content\/uploads\/2023\/05\/1_FIT_CITY_Wegorzewo_color.png 1000w\" sizes=\"auto, (max-width: 421px) 100vw, 421px\" \/><\/p>\n<p>&nbsp;<\/p>\n<hr \/>\n<p>&nbsp;<\/p>\n<h2 style=\"text-align: center;\"><b>Patroni medialni:<\/b><\/h2>\n<p>&nbsp;<\/p>\n<p><img loading=\"lazy\" decoding=\"async\" class=\"aligncenter size-medium wp-image-3460\" src=\"https:\/\/regatyinfluencerow.roza.pl\/wp-content\/uploads\/2023\/05\/TVP3_Olsztyn_podst-300x181.jpg\" alt=\"\" width=\"300\" height=\"181\" srcset=\"https:\/\/regatyinfluencerow.roza.pl\/wp-content\/uploads\/2023\/05\/TVP3_Olsztyn_podst-300x181.jpg 300w, https:\/\/regatyinfluencerow.roza.pl\/wp-content\/uploads\/2023\/05\/TVP3_Olsztyn_podst-768x462.jpg 768w, https:\/\/regatyinfluencerow.roza.pl\/wp-content\/uploads\/2023\/05\/TVP3_Olsztyn_podst-243x146.jpg 243w, https:\/\/regatyinfluencerow.roza.pl\/wp-content\/uploads\/2023\/05\/TVP3_Olsztyn_podst-50x30.jpg 50w, https:\/\/regatyinfluencerow.roza.pl\/wp-content\/uploads\/2023\/05\/TVP3_Olsztyn_podst-125x75.jpg 125w, https:\/\/regatyinfluencerow.roza.pl\/wp-content\/uploads\/2023\/05\/TVP3_Olsztyn_podst.jpg 1000w\" sizes=\"auto, (max-width: 300px) 100vw, 300px\" \/><\/p>\n<p>&nbsp;<\/p>\n<p>&nbsp;<\/p>\n<p><img loading=\"lazy\" decoding=\"async\" class=\" wp-image-170 aligncenter\" src=\"https:\/\/regatyyoutuberow.roza.pl\/wp-content\/uploads\/2016\/04\/logotyp_poziomy-1-1024x410-300x120.jpg\" alt=\"\" width=\"551\" height=\"220\" srcset=\"https:\/\/regatyinfluencerow.roza.pl\/wp-content\/uploads\/2016\/04\/logotyp_poziomy-1-1024x410-300x120.jpg 300w, https:\/\/regatyinfluencerow.roza.pl\/wp-content\/uploads\/2016\/04\/logotyp_poziomy-1-1024x410-768x308.jpg 768w, https:\/\/regatyinfluencerow.roza.pl\/wp-content\/uploads\/2016\/04\/logotyp_poziomy-1-1024x410.jpg 1024w, https:\/\/regatyinfluencerow.roza.pl\/wp-content\/uploads\/2016\/04\/logotyp_poziomy-1-1024x410-260x104.jpg 260w, https:\/\/regatyinfluencerow.roza.pl\/wp-content\/uploads\/2016\/04\/logotyp_poziomy-1-1024x410-50x20.jpg 50w, https:\/\/regatyinfluencerow.roza.pl\/wp-content\/uploads\/2016\/04\/logotyp_poziomy-1-1024x410-150x60.jpg 150w\" sizes=\"auto, (max-width: 551px) 100vw, 551px\" \/><\/p>\n<p>&nbsp;<\/p>\n<p>&nbsp;<\/p>\n<p><img loading=\"lazy\" decoding=\"async\" class=\"aligncenter size-medium wp-image-3472\" src=\"https:\/\/regatyinfluencerow.roza.pl\/wp-content\/uploads\/2023\/05\/Projekt-bez-tytulu-4-300x300.png\" alt=\"\" width=\"300\" height=\"300\" srcset=\"https:\/\/regatyinfluencerow.roza.pl\/wp-content\/uploads\/2023\/05\/Projekt-bez-tytulu-4-300x300.png 300w, https:\/\/regatyinfluencerow.roza.pl\/wp-content\/uploads\/2023\/05\/Projekt-bez-tytulu-4-150x150.png 150w, https:\/\/regatyinfluencerow.roza.pl\/wp-content\/uploads\/2023\/05\/Projekt-bez-tytulu-4-146x146.png 146w, https:\/\/regatyinfluencerow.roza.pl\/wp-content\/uploads\/2023\/05\/Projekt-bez-tytulu-4-50x50.png 50w, https:\/\/regatyinfluencerow.roza.pl\/wp-content\/uploads\/2023\/05\/Projekt-bez-tytulu-4-75x75.png 75w, https:\/\/regatyinfluencerow.roza.pl\/wp-content\/uploads\/2023\/05\/Projekt-bez-tytulu-4-85x85.png 85w, https:\/\/regatyinfluencerow.roza.pl\/wp-content\/uploads\/2023\/05\/Projekt-bez-tytulu-4-80x80.png 80w, https:\/\/regatyinfluencerow.roza.pl\/wp-content\/uploads\/2023\/05\/Projekt-bez-tytulu-4.png 750w\" sizes=\"auto, (max-width: 300px) 100vw, 300px\" \/><\/p>\n<p>&nbsp;<\/p>\n<p>&nbsp;<\/p>\n<p>&nbsp;<\/p>\n","protected":false},"excerpt":{"rendered":"<p>Partnerzy VIII edycji \u017beglarskich Mistrzostw Polski YouTuber\u00f3w Poni\u017cej prezentujemy potwierdzonych partner\u00f3w imprezy. W najbli\u017cszym czasie sporo nowo\u015bci! &nbsp; Partner g\u0142\u00f3wny: &nbsp; Partnerzy: CK Complex &nbsp; &nbsp;<span class=\"excerpt-hellip\"> [\u2026]<\/span><\/p>\n","protected":false},"author":2,"featured_media":0,"parent":0,"menu_order":0,"comment_status":"open","ping_status":"closed","template":"","meta":{"_acf_changed":false,"footnotes":""},"class_list":["post-3700","page","type-page","status-publish","hentry"],"acf":[],"yoast_head":"<!-- This site is optimized with the Yoast SEO plugin v27.5 - https:\/\/yoast.com\/product\/yoast-seo-wordpress\/ -->\n<title>Partnerzy 2024 - Regaty Influencer\u00f3w<\/title>\n<meta name=\"robots\" content=\"index, follow, max-snippet:-1, max-image-preview:large, max-video-preview:-1\" \/>\n<link rel=\"canonical\" href=\"https:\/\/regatyinfluencerow.roza.pl\/index.php\/partnerzy2024\/\" \/>\n<meta property=\"og:locale\" content=\"pl_PL\" \/>\n<meta property=\"og:type\" content=\"article\" \/>\n<meta property=\"og:title\" content=\"Partnerzy 2024 - Regaty Influencer\u00f3w\" \/>\n<meta property=\"og:description\" content=\"Partnerzy VIII edycji \u017beglarskich Mistrzostw Polski YouTuber\u00f3w Poni\u017cej prezentujemy potwierdzonych partner\u00f3w imprezy. W najbli\u017cszym czasie sporo nowo\u015bci! &nbsp; Partner g\u0142\u00f3wny: &nbsp; Partnerzy: CK Complex &nbsp; &nbsp; [\u2026]\" \/>\n<meta property=\"og:url\" content=\"https:\/\/regatyinfluencerow.roza.pl\/index.php\/partnerzy2024\/\" \/>\n<meta property=\"og:site_name\" content=\"Regaty Influencer\u00f3w\" \/>\n<meta property=\"article:modified_time\" content=\"2024-05-18T18:13:23+00:00\" \/>\n<meta property=\"og:image\" content=\"https:\/\/regatyinfluencerow.roza.pl\/wp-content\/uploads\/2023\/04\/m4k-300x279.png\" \/>\n<meta name=\"twitter:card\" content=\"summary_large_image\" \/>\n<script type=\"application\/ld+json\" class=\"yoast-schema-graph\">{\"@context\":\"https:\\\/\\\/schema.org\",\"@graph\":[{\"@type\":\"WebPage\",\"@id\":\"https:\\\/\\\/regatyinfluencerow.roza.pl\\\/index.php\\\/partnerzy2024\\\/\",\"url\":\"https:\\\/\\\/regatyinfluencerow.roza.pl\\\/index.php\\\/partnerzy2024\\\/\",\"name\":\"Partnerzy 2024 - Regaty Influencer\u00f3w\",\"isPartOf\":{\"@id\":\"https:\\\/\\\/regatyinfluencerow.roza.pl\\\/#website\"},\"primaryImageOfPage\":{\"@id\":\"https:\\\/\\\/regatyinfluencerow.roza.pl\\\/index.php\\\/partnerzy2024\\\/#primaryimage\"},\"image\":{\"@id\":\"https:\\\/\\\/regatyinfluencerow.roza.pl\\\/index.php\\\/partnerzy2024\\\/#primaryimage\"},\"thumbnailUrl\":\"https:\\\/\\\/regatyinfluencerow.roza.pl\\\/wp-content\\\/uploads\\\/2023\\\/04\\\/m4k-300x279.png\",\"datePublished\":\"2024-02-22T16:33:58+00:00\",\"dateModified\":\"2024-05-18T18:13:23+00:00\",\"breadcrumb\":{\"@id\":\"https:\\\/\\\/regatyinfluencerow.roza.pl\\\/index.php\\\/partnerzy2024\\\/#breadcrumb\"},\"inLanguage\":\"pl-PL\",\"potentialAction\":[{\"@type\":\"ReadAction\",\"target\":[\"https:\\\/\\\/regatyinfluencerow.roza.pl\\\/index.php\\\/partnerzy2024\\\/\"]}]},{\"@type\":\"ImageObject\",\"inLanguage\":\"pl-PL\",\"@id\":\"https:\\\/\\\/regatyinfluencerow.roza.pl\\\/index.php\\\/partnerzy2024\\\/#primaryimage\",\"url\":\"https:\\\/\\\/regatyinfluencerow.roza.pl\\\/wp-content\\\/uploads\\\/2023\\\/04\\\/m4k.png\",\"contentUrl\":\"https:\\\/\\\/regatyinfluencerow.roza.pl\\\/wp-content\\\/uploads\\\/2023\\\/04\\\/m4k.png\",\"width\":760,\"height\":706},{\"@type\":\"BreadcrumbList\",\"@id\":\"https:\\\/\\\/regatyinfluencerow.roza.pl\\\/index.php\\\/partnerzy2024\\\/#breadcrumb\",\"itemListElement\":[{\"@type\":\"ListItem\",\"position\":1,\"name\":\"Strona g\u0142\u00f3wna\",\"item\":\"https:\\\/\\\/regatyinfluencerow.roza.pl\\\/\"},{\"@type\":\"ListItem\",\"position\":2,\"name\":\"Partnerzy 2024\"}]},{\"@type\":\"WebSite\",\"@id\":\"https:\\\/\\\/regatyinfluencerow.roza.pl\\\/#website\",\"url\":\"https:\\\/\\\/regatyinfluencerow.roza.pl\\\/\",\"name\":\"Regaty Influencer\u00f3w\",\"description\":\"o puchar R\u00f3\u017cy Wiatr\u00f3w\",\"publisher\":{\"@id\":\"https:\\\/\\\/regatyinfluencerow.roza.pl\\\/#organization\"},\"potentialAction\":[{\"@type\":\"SearchAction\",\"target\":{\"@type\":\"EntryPoint\",\"urlTemplate\":\"https:\\\/\\\/regatyinfluencerow.roza.pl\\\/?s={search_term_string}\"},\"query-input\":{\"@type\":\"PropertyValueSpecification\",\"valueRequired\":true,\"valueName\":\"search_term_string\"}}],\"inLanguage\":\"pl-PL\"},{\"@type\":\"Organization\",\"@id\":\"https:\\\/\\\/regatyinfluencerow.roza.pl\\\/#organization\",\"name\":\"Regaty Influencer\u00f3w\",\"url\":\"https:\\\/\\\/regatyinfluencerow.roza.pl\\\/\",\"logo\":{\"@type\":\"ImageObject\",\"inLanguage\":\"pl-PL\",\"@id\":\"https:\\\/\\\/regatyinfluencerow.roza.pl\\\/#\\\/schema\\\/logo\\\/image\\\/\",\"url\":\"https:\\\/\\\/regatyinfluencerow.roza.pl\\\/wp-content\\\/uploads\\\/2016\\\/04\\\/logoyotubesail-1024x934.png\",\"contentUrl\":\"https:\\\/\\\/regatyinfluencerow.roza.pl\\\/wp-content\\\/uploads\\\/2016\\\/04\\\/logoyotubesail-1024x934.png\",\"width\":1024,\"height\":934,\"caption\":\"Regaty Influencer\u00f3w\"},\"image\":{\"@id\":\"https:\\\/\\\/regatyinfluencerow.roza.pl\\\/#\\\/schema\\\/logo\\\/image\\\/\"}}]}<\/script>\n<!-- \/ Yoast SEO plugin. -->","yoast_head_json":{"title":"Partnerzy 2024 - Regaty Influencer\u00f3w","robots":{"index":"index","follow":"follow","max-snippet":"max-snippet:-1","max-image-preview":"max-image-preview:large","max-video-preview":"max-video-preview:-1"},"canonical":"https:\/\/regatyinfluencerow.roza.pl\/index.php\/partnerzy2024\/","og_locale":"pl_PL","og_type":"article","og_title":"Partnerzy 2024 - Regaty Influencer\u00f3w","og_description":"Partnerzy VIII edycji \u017beglarskich Mistrzostw Polski YouTuber\u00f3w Poni\u017cej prezentujemy potwierdzonych partner\u00f3w imprezy. W najbli\u017cszym czasie sporo nowo\u015bci! &nbsp; Partner g\u0142\u00f3wny: &nbsp; Partnerzy: CK Complex &nbsp; &nbsp; [\u2026]","og_url":"https:\/\/regatyinfluencerow.roza.pl\/index.php\/partnerzy2024\/","og_site_name":"Regaty Influencer\u00f3w","article_modified_time":"2024-05-18T18:13:23+00:00","og_image":[{"url":"https:\/\/regatyinfluencerow.roza.pl\/wp-content\/uploads\/2023\/04\/m4k-300x279.png","type":"","width":"","height":""}],"twitter_card":"summary_large_image","schema":{"@context":"https:\/\/schema.org","@graph":[{"@type":"WebPage","@id":"https:\/\/regatyinfluencerow.roza.pl\/index.php\/partnerzy2024\/","url":"https:\/\/regatyinfluencerow.roza.pl\/index.php\/partnerzy2024\/","name":"Partnerzy 2024 - Regaty Influencer\u00f3w","isPartOf":{"@id":"https:\/\/regatyinfluencerow.roza.pl\/#website"},"primaryImageOfPage":{"@id":"https:\/\/regatyinfluencerow.roza.pl\/index.php\/partnerzy2024\/#primaryimage"},"image":{"@id":"https:\/\/regatyinfluencerow.roza.pl\/index.php\/partnerzy2024\/#primaryimage"},"thumbnailUrl":"https:\/\/regatyinfluencerow.roza.pl\/wp-content\/uploads\/2023\/04\/m4k-300x279.png","datePublished":"2024-02-22T16:33:58+00:00","dateModified":"2024-05-18T18:13:23+00:00","breadcrumb":{"@id":"https:\/\/regatyinfluencerow.roza.pl\/index.php\/partnerzy2024\/#breadcrumb"},"inLanguage":"pl-PL","potentialAction":[{"@type":"ReadAction","target":["https:\/\/regatyinfluencerow.roza.pl\/index.php\/partnerzy2024\/"]}]},{"@type":"ImageObject","inLanguage":"pl-PL","@id":"https:\/\/regatyinfluencerow.roza.pl\/index.php\/partnerzy2024\/#primaryimage","url":"https:\/\/regatyinfluencerow.roza.pl\/wp-content\/uploads\/2023\/04\/m4k.png","contentUrl":"https:\/\/regatyinfluencerow.roza.pl\/wp-content\/uploads\/2023\/04\/m4k.png","width":760,"height":706},{"@type":"BreadcrumbList","@id":"https:\/\/regatyinfluencerow.roza.pl\/index.php\/partnerzy2024\/#breadcrumb","itemListElement":[{"@type":"ListItem","position":1,"name":"Strona g\u0142\u00f3wna","item":"https:\/\/regatyinfluencerow.roza.pl\/"},{"@type":"ListItem","position":2,"name":"Partnerzy 2024"}]},{"@type":"WebSite","@id":"https:\/\/regatyinfluencerow.roza.pl\/#website","url":"https:\/\/regatyinfluencerow.roza.pl\/","name":"Regaty Influencer\u00f3w","description":"o puchar R\u00f3\u017cy Wiatr\u00f3w","publisher":{"@id":"https:\/\/regatyinfluencerow.roza.pl\/#organization"},"potentialAction":[{"@type":"SearchAction","target":{"@type":"EntryPoint","urlTemplate":"https:\/\/regatyinfluencerow.roza.pl\/?s={search_term_string}"},"query-input":{"@type":"PropertyValueSpecification","valueRequired":true,"valueName":"search_term_string"}}],"inLanguage":"pl-PL"},{"@type":"Organization","@id":"https:\/\/regatyinfluencerow.roza.pl\/#organization","name":"Regaty Influencer\u00f3w","url":"https:\/\/regatyinfluencerow.roza.pl\/","logo":{"@type":"ImageObject","inLanguage":"pl-PL","@id":"https:\/\/regatyinfluencerow.roza.pl\/#\/schema\/logo\/image\/","url":"https:\/\/regatyinfluencerow.roza.pl\/wp-content\/uploads\/2016\/04\/logoyotubesail-1024x934.png","contentUrl":"https:\/\/regatyinfluencerow.roza.pl\/wp-content\/uploads\/2016\/04\/logoyotubesail-1024x934.png","width":1024,"height":934,"caption":"Regaty Influencer\u00f3w"},"image":{"@id":"https:\/\/regatyinfluencerow.roza.pl\/#\/schema\/logo\/image\/"}}]}},"_links":{"self":[{"href":"https:\/\/regatyinfluencerow.roza.pl\/index.php\/wp-json\/wp\/v2\/pages\/3700","targetHints":{"allow":["GET"]}}],"collection":[{"href":"https:\/\/regatyinfluencerow.roza.pl\/index.php\/wp-json\/wp\/v2\/pages"}],"about":[{"href":"https:\/\/regatyinfluencerow.roza.pl\/index.php\/wp-json\/wp\/v2\/types\/page"}],"author":[{"embeddable":true,"href":"https:\/\/regatyinfluencerow.roza.pl\/index.php\/wp-json\/wp\/v2\/users\/2"}],"replies":[{"embeddable":true,"href":"https:\/\/regatyinfluencerow.roza.pl\/index.php\/wp-json\/wp\/v2\/comments?post=3700"}],"version-history":[{"count":3,"href":"https:\/\/regatyinfluencerow.roza.pl\/index.php\/wp-json\/wp\/v2\/pages\/3700\/revisions"}],"predecessor-version":[{"id":3815,"href":"https:\/\/regatyinfluencerow.roza.pl\/index.php\/wp-json\/wp\/v2\/pages\/3700\/revisions\/3815"}],"wp:attachment":[{"href":"https:\/\/regatyinfluencerow.roza.pl\/index.php\/wp-json\/wp\/v2\/media?parent=3700"}],"curies":[{"name":"wp","href":"https:\/\/api.w.org\/{rel}","templated":true}]}}