{"id":2528,"date":"2020-02-19T16:08:43","date_gmt":"2020-02-19T15:08:43","guid":{"rendered":"https:\/\/regatyyoutuberow.roza.pl\/?page_id=2528"},"modified":"2023-03-20T13:04:23","modified_gmt":"2023-03-20T12:04:23","slug":"relacja-v-edycja-regat","status":"publish","type":"page","link":"https:\/\/regatyinfluencerow.roza.pl\/index.php\/relacja-v-edycja-regat\/","title":{"rendered":"Relacja V edycja regat"},"content":{"rendered":"<h1 style=\"text-align: center;\">Bladii, Diabeu i Manoyek aktualnymi \u017ceglarskimi Mistrzami Polski V edycji Regat YouTuber\u00f3w o Puchar R\u00f3\u017cy Wiatr\u00f3w.<\/h1>\n<h3 style=\"text-align: center;\"><img loading=\"lazy\" decoding=\"async\" class=\"alignnone wp-image-3216 size-large\" src=\"https:\/\/regatyinfluencerow.roza.pl\/wp-content\/uploads\/2023\/03\/X4C3669-1024x683.jpg\" alt=\"\" width=\"1024\" height=\"683\" srcset=\"https:\/\/regatyinfluencerow.roza.pl\/wp-content\/uploads\/2023\/03\/X4C3669-1024x683.jpg 1024w, https:\/\/regatyinfluencerow.roza.pl\/wp-content\/uploads\/2023\/03\/X4C3669-300x200.jpg 300w, https:\/\/regatyinfluencerow.roza.pl\/wp-content\/uploads\/2023\/03\/X4C3669-768x512.jpg 768w, https:\/\/regatyinfluencerow.roza.pl\/wp-content\/uploads\/2023\/03\/X4C3669-1536x1024.jpg 1536w, https:\/\/regatyinfluencerow.roza.pl\/wp-content\/uploads\/2023\/03\/X4C3669-2048x1365.jpg 2048w, https:\/\/regatyinfluencerow.roza.pl\/wp-content\/uploads\/2023\/03\/X4C3669-219x146.jpg 219w, https:\/\/regatyinfluencerow.roza.pl\/wp-content\/uploads\/2023\/03\/X4C3669-50x33.jpg 50w, https:\/\/regatyinfluencerow.roza.pl\/wp-content\/uploads\/2023\/03\/X4C3669-113x75.jpg 113w\" sizes=\"auto, (max-width: 1024px) 100vw, 1024px\" \/><br \/>\nW walce z wiatrem.<\/h3>\n<p style=\"text-align: justify;\">W miniony weekend, 25 maja w szkole \u017ceglarskiej R\u00f3\u017ca Wiatr\u00f3w w W\u0119gorzewie, odby\u0142a si\u0119 V edycja \u017ceglarskich Mistrzostw Polski YouTuber\u00f3w. Na starcie zawod\u00f3w pojawi\u0142o si\u0119 ponad 60 uczestnik\u00f3w, kt\u00f3rzy podzieleni na 11 za\u0142\u00f3g, walczyli zaci\u0119cie o pierwsze miejsce. Upragniony puchar R\u00f3\u017cy Wiatr\u00f3w i najwy\u017cszy stopie\u0144 podium zas\u0142u\u017cenie zdobyli tegoroczni debiutanci \u2013 Bladii, Diabeuu i Manoyek, ze sterniczk\u0105 Monik\u0105 Augustyniak.<\/p>\n<h3 style=\"text-align: center;\"><img loading=\"lazy\" decoding=\"async\" class=\"alignnone wp-image-3217 size-large\" src=\"https:\/\/regatyinfluencerow.roza.pl\/wp-content\/uploads\/2023\/03\/X4C3090-1024x683.jpg\" alt=\"\" width=\"1024\" height=\"683\" srcset=\"https:\/\/regatyinfluencerow.roza.pl\/wp-content\/uploads\/2023\/03\/X4C3090-1024x683.jpg 1024w, https:\/\/regatyinfluencerow.roza.pl\/wp-content\/uploads\/2023\/03\/X4C3090-300x200.jpg 300w, https:\/\/regatyinfluencerow.roza.pl\/wp-content\/uploads\/2023\/03\/X4C3090-768x512.jpg 768w, https:\/\/regatyinfluencerow.roza.pl\/wp-content\/uploads\/2023\/03\/X4C3090-1536x1024.jpg 1536w, https:\/\/regatyinfluencerow.roza.pl\/wp-content\/uploads\/2023\/03\/X4C3090-2048x1365.jpg 2048w, https:\/\/regatyinfluencerow.roza.pl\/wp-content\/uploads\/2023\/03\/X4C3090-219x146.jpg 219w, https:\/\/regatyinfluencerow.roza.pl\/wp-content\/uploads\/2023\/03\/X4C3090-50x33.jpg 50w, https:\/\/regatyinfluencerow.roza.pl\/wp-content\/uploads\/2023\/03\/X4C3090-113x75.jpg 113w\" sizes=\"auto, (max-width: 1024px) 100vw, 1024px\" \/><br \/>\nZaci\u0119ta rywalizacja<\/h3>\n<p style=\"text-align: justify;\">Jak co roku plan regat zak\u0142ada\u0142 trzy biegi. Dwa kr\u00f3tkodystansowe ze startem i met\u0105 na jeziorze \u015awi\u0119cajty oraz jeden d\u0142ugodystansowy z wyp\u0142yni\u0119ciem na jezioro Mamry. Ju\u017c przy pierwszym starcie szybko okaza\u0142o si\u0119, \u017ce silny, ale stabilny wiatr pozwoli na zaci\u0119t\u0105 walk\u0119 wszystkich ekip. W biegu otwarcia do linii mety najszybciej dotar\u0142a gamerska za\u0142oga w sk\u0142adzie: MrSetoKami, Kapitan Alien, Sou Shibo, Wybrakowana i CTSG wraz ze sternikiem Adamem Urbaniakiem. Tu\u017c za nimi starzy wyjadacze w sk\u0142adzie: Cyber Marian, Wojtek Szuma\u0144ski i Terenwizja ze sternikiem Dawidem Adamskim. Natomiast na trzecim miejscu tegoroczni debiutanci: Bladii, Manoyek i Diabeuu pod dow\u00f3dztwem Moniki Augustyniak, kt\u00f3rzy rozpocz\u0119li udzia\u0142 w regatach z wysokiego \u201eC\u201d.<\/p>\n<p style=\"text-align: justify;\">Po kr\u00f3tkiej przerwie wszystkie za\u0142ogi przyst\u0105pi\u0142y do dalszej rywalizacji, jednak z powod\u00f3w technicznych drugi bieg zosta\u0142 odwo\u0142any. W\u00f3wczas wiadomo ju\u017c by\u0142o, \u017ce wszystko rozstrzygnie si\u0119 w ostatnim, decyduj\u0105cym, d\u0142ugodystansowym wy\u015bcigu. Trasa by\u0142a nie tylko d\u0142u\u017csza, ale r\u00f3wnie\u017c o wiele bardziej wymagaj\u0105ca, poniewa\u017c wszystkie za\u0142ogi przep\u0142yn\u0105\u0107 musia\u0142y przez w\u0105ski przesmyk mi\u0119dzy dwoma jeziorami. W tej ods\u0142onie swoj\u0105 pozycj\u0119 poprawili tegoroczni debiutanci, kt\u00f3rzy tym razem zameldowali si\u0119 jako pierwsi na mecie. Na dalszych pozycjach by\u0142y spore przetasowania. Jako drudzy to mety dotarli: Rudy Cz\u0142owiek, Sadam oraz Walenie ze Sternikiem Bolem Oleksym. Tu\u017c za nimi Grzegorz Walczak ze swoj\u0105 za\u0142og\u0105: Treneiro Vlog, Hi_5, Yellowbox i OstroMovie. Wszystkie pozosta\u0142e za\u0142ogi uko\u0144czy\u0142y swoje biegi i wszystkie jachty zameldowa\u0142y si\u0119 na mecie, do samego ko\u0144ca walcz\u0105c<br \/>\no najwy\u017csz\u0105 pozycj\u0119.Po podsumowaniu punktacji przez s\u0119dzin\u0119 regat &#8211; Regin\u0119 Flis, by\u0142o ju\u017c jasne, \u017ce na najwy\u017cszym stopniu podium stan\u0105 zwyci\u0119zcy ostatniego biegu, czyli dru\u017cyna Bladiego. Drugie miejsce pad\u0142o \u0142upem kolejnej za\u0142ogi gamerskiej: MrSetokami, CTSG, Wybrakowana, Kapitan Alien, SouShibo, a na trzecim stopniu podium ekipa Cyber Mariana Wojtka Szuma\u0144skiego i Terenwizji.<\/p>\n<p style=\"text-align: justify;\">Zaraz po og\u0142oszeniu wynik\u00f3w sw\u00f3j debiut i sukces podsumowa\u0142 kapitan zwyci\u0119skiej za\u0142ogi Bladii:\u00a0Jako nowicjusze zupe\u0142nie nie wiedzieli\u015bmy czego si\u0119 spodziewa\u0107 i szczerze m\u00f3wi\u0105c nie przypuszczali\u015bmy, \u017ce b\u0119dzie to tak satysfakcjonuj\u0105ce prze\u017cycie, a zw\u0142aszcza, \u017ce staniemy na podium. Du\u017co w tym wszystkim by\u0142o szcz\u0119\u015bcia, ale te\u017c zgranej za\u0142ogi i rewelacyjnych umiej\u0119tno\u015bci naszej sterniczki Moniki!<\/p>\n<h3 style=\"text-align: center;\"><img loading=\"lazy\" decoding=\"async\" class=\"alignnone wp-image-3218 size-large\" src=\"https:\/\/regatyinfluencerow.roza.pl\/wp-content\/uploads\/2023\/03\/X4C3519-1024x683.jpg\" alt=\"\" width=\"1024\" height=\"683\" srcset=\"https:\/\/regatyinfluencerow.roza.pl\/wp-content\/uploads\/2023\/03\/X4C3519-1024x683.jpg 1024w, https:\/\/regatyinfluencerow.roza.pl\/wp-content\/uploads\/2023\/03\/X4C3519-300x200.jpg 300w, https:\/\/regatyinfluencerow.roza.pl\/wp-content\/uploads\/2023\/03\/X4C3519-768x512.jpg 768w, https:\/\/regatyinfluencerow.roza.pl\/wp-content\/uploads\/2023\/03\/X4C3519-1536x1024.jpg 1536w, https:\/\/regatyinfluencerow.roza.pl\/wp-content\/uploads\/2023\/03\/X4C3519-2048x1365.jpg 2048w, https:\/\/regatyinfluencerow.roza.pl\/wp-content\/uploads\/2023\/03\/X4C3519-219x146.jpg 219w, https:\/\/regatyinfluencerow.roza.pl\/wp-content\/uploads\/2023\/03\/X4C3519-50x33.jpg 50w, https:\/\/regatyinfluencerow.roza.pl\/wp-content\/uploads\/2023\/03\/X4C3519-113x75.jpg 113w\" sizes=\"auto, (max-width: 1024px) 100vw, 1024px\" \/><br \/>\nRegaty to nie wszystko!<\/h3>\n<p style=\"text-align: justify;\">Puchar R\u00f3\u017cy Wiatr\u00f3w to nie jedyne wyr\u00f3\u017cnienie, jakie czeka\u0142o na uczestnik\u00f3w. W tym roku, po raz pierwszy w historii Regat YouTuber\u00f3w, zosta\u0142a przyznana nagroda publiczno\u015bci ufundowana przez Fit City W\u0119gorzewo. Zgromadzeni w strefie fan\u00f3w kibice mogli g\u0142osowa\u0107 na najsympatyczniejsz\u0105 za\u0142og\u0119 regat. Z\u0142oty Puchar, wr\u0119czony z r\u0105k burmistrza W\u0119gorzewa \u2013 Krzysztofa Ko\u0142aszewskiego, otrzyma\u0142a za\u0142oga DeeJay\u2019a Pallaside, Luure i Czugi wraz ze sterniczk\u0105 Magdalen\u0105 Sadowsk\u0105. Po zako\u0144czeniu zawod\u00f3w, zgodnie z tradycj\u0105 odby\u0142 si\u0119 charytatywny stream, w ramach kt\u00f3rego zbierane by\u0142y \u015brodki w szczytnym celu. W tym roku, ponownie z inicjatywy Cyber Mariana i DeeJay\u2019a Pallaside, wsparcie otrzyma\u0142a Fundacja \u201ePokonaj Raka\u201d. Podczas charytatywnego live\u2019a uda\u0142o si\u0119 zebra\u0107 blisko 6000z\u0142, z czego wi\u0119ksz\u0105 cz\u0119\u015b\u0107 dzi\u0119ki szczodro\u015bci i wielkiemu sercu Micha z kana\u0142u Mi\u0142o\u015bnicy 4 k\u00f3\u0142ek.<\/p>\n<h3 style=\"text-align: center;\"><img loading=\"lazy\" decoding=\"async\" class=\"alignnone wp-image-3219 size-large\" src=\"https:\/\/regatyinfluencerow.roza.pl\/wp-content\/uploads\/2023\/03\/L1100736-1024x683.jpg\" alt=\"\" width=\"1024\" height=\"683\" srcset=\"https:\/\/regatyinfluencerow.roza.pl\/wp-content\/uploads\/2023\/03\/L1100736-1024x683.jpg 1024w, https:\/\/regatyinfluencerow.roza.pl\/wp-content\/uploads\/2023\/03\/L1100736-300x200.jpg 300w, https:\/\/regatyinfluencerow.roza.pl\/wp-content\/uploads\/2023\/03\/L1100736-768x512.jpg 768w, https:\/\/regatyinfluencerow.roza.pl\/wp-content\/uploads\/2023\/03\/L1100736-1536x1024.jpg 1536w, https:\/\/regatyinfluencerow.roza.pl\/wp-content\/uploads\/2023\/03\/L1100736-2048x1365.jpg 2048w, https:\/\/regatyinfluencerow.roza.pl\/wp-content\/uploads\/2023\/03\/L1100736-219x146.jpg 219w, https:\/\/regatyinfluencerow.roza.pl\/wp-content\/uploads\/2023\/03\/L1100736-50x33.jpg 50w, https:\/\/regatyinfluencerow.roza.pl\/wp-content\/uploads\/2023\/03\/L1100736-113x75.jpg 113w\" sizes=\"auto, (max-width: 1024px) 100vw, 1024px\" \/><br \/>\nPromujemy Mazury i \u017ceglarstwo!<\/h3>\n<p style=\"text-align: justify;\">Od pocz\u0105tku powstania Regat YouTuber\u00f3w g\u0142\u00f3wnym celem projektu by\u0142o i jest promowanie idei \u017ceglarstwa w\u015br\u00f3d m\u0142odych os\u00f3b, a tak\u017ce regionu Mazur. \u2013 Za nami ju\u017c pi\u0119\u0107 edycji Regat YouTuber\u00f3w, to niewiarygodne jak czas szybko leci, ale niewiarygodne jest r\u00f3wnie\u017c to, \u017ce z ka\u017cdym rokiem jest coraz wi\u0119cej uczestnik\u00f3w. Wi\u0119kszo\u015b\u0107 z nich ewidentnie z\u0142apa\u0142a \u017ceglarskiego bakcyla, poniewa\u017c nie tylko bior\u0105 udzia\u0142 w regatach, ale na przestrzeni lat zrobili patenty \u017ceglarskie i teraz ju\u017c samodzielnie startuj\u0105<br \/>\nw zawodach. Mam nadziej\u0119, \u017ce dzi\u0119ki naszej inicjatywie coraz wi\u0119cej m\u0142odych os\u00f3b b\u0119dzie mia\u0142o okazj\u0119 posmakowa\u0107 tego sportu. \u2013 powiedzia\u0142 Bartek Milewski, organizator wydarzenia z R\u00f3\u017cy Wiatr\u00f3w.Regaty odby\u0142y si\u0119 25 maja na mazurskim jeziorze \u015awi\u0119cajty. Start i meta w o\u015brodku R\u00f3\u017cy Wiatr\u00f3w w W\u0119gorzewie.<\/p>\n<p>&nbsp;<\/p>\n<p style=\"text-align: center;\"><img loading=\"lazy\" decoding=\"async\" class=\"aligncenter wp-image-3220 size-large\" src=\"https:\/\/regatyinfluencerow.roza.pl\/wp-content\/uploads\/2023\/03\/X4C2127-1024x683.jpg\" alt=\"\" width=\"1024\" height=\"683\" srcset=\"https:\/\/regatyinfluencerow.roza.pl\/wp-content\/uploads\/2023\/03\/X4C2127-1024x683.jpg 1024w, https:\/\/regatyinfluencerow.roza.pl\/wp-content\/uploads\/2023\/03\/X4C2127-300x200.jpg 300w, https:\/\/regatyinfluencerow.roza.pl\/wp-content\/uploads\/2023\/03\/X4C2127-768x512.jpg 768w, https:\/\/regatyinfluencerow.roza.pl\/wp-content\/uploads\/2023\/03\/X4C2127-1536x1024.jpg 1536w, https:\/\/regatyinfluencerow.roza.pl\/wp-content\/uploads\/2023\/03\/X4C2127-2048x1365.jpg 2048w, https:\/\/regatyinfluencerow.roza.pl\/wp-content\/uploads\/2023\/03\/X4C2127-219x146.jpg 219w, https:\/\/regatyinfluencerow.roza.pl\/wp-content\/uploads\/2023\/03\/X4C2127-50x33.jpg 50w, https:\/\/regatyinfluencerow.roza.pl\/wp-content\/uploads\/2023\/03\/X4C2127-113x75.jpg 113w\" sizes=\"auto, (max-width: 1024px) 100vw, 1024px\" \/><\/p>\n","protected":false},"excerpt":{"rendered":"<p>Bladii, Diabeu i Manoyek aktualnymi \u017ceglarskimi Mistrzami Polski V edycji Regat YouTuber\u00f3w o Puchar R\u00f3\u017cy Wiatr\u00f3w. W walce z wiatrem. W miniony weekend, 25 maja w<span class=\"excerpt-hellip\"> [\u2026]<\/span><\/p>\n","protected":false},"author":9,"featured_media":0,"parent":0,"menu_order":0,"comment_status":"closed","ping_status":"closed","template":"","meta":{"_acf_changed":false,"footnotes":""},"class_list":["post-2528","page","type-page","status-publish","hentry"],"acf":[],"yoast_head":"<!-- This site is optimized with the Yoast SEO plugin v27.5 - https:\/\/yoast.com\/product\/yoast-seo-wordpress\/ -->\n<title>Relacja V edycja regat - Regaty Influencer\u00f3w<\/title>\n<meta name=\"robots\" content=\"index, follow, max-snippet:-1, max-image-preview:large, max-video-preview:-1\" \/>\n<link rel=\"canonical\" href=\"https:\/\/regatyinfluencerow.roza.pl\/index.php\/relacja-v-edycja-regat\/\" \/>\n<meta property=\"og:locale\" content=\"pl_PL\" \/>\n<meta property=\"og:type\" content=\"article\" \/>\n<meta property=\"og:title\" content=\"Relacja V edycja regat - Regaty Influencer\u00f3w\" \/>\n<meta property=\"og:description\" content=\"Bladii, Diabeu i Manoyek aktualnymi \u017ceglarskimi Mistrzami Polski V edycji Regat YouTuber\u00f3w o Puchar R\u00f3\u017cy Wiatr\u00f3w. W walce z wiatrem. W miniony weekend, 25 maja w [\u2026]\" \/>\n<meta property=\"og:url\" content=\"https:\/\/regatyinfluencerow.roza.pl\/index.php\/relacja-v-edycja-regat\/\" \/>\n<meta property=\"og:site_name\" content=\"Regaty Influencer\u00f3w\" \/>\n<meta property=\"article:modified_time\" content=\"2023-03-20T12:04:23+00:00\" \/>\n<meta property=\"og:image\" content=\"https:\/\/regatyinfluencerow.roza.pl\/wp-content\/uploads\/2023\/03\/X4C3669-1024x683.jpg\" \/>\n<meta name=\"twitter:card\" content=\"summary_large_image\" \/>\n<meta name=\"twitter:label1\" content=\"Szacowany czas czytania\" \/>\n\t<meta name=\"twitter:data1\" content=\"4 minuty\" \/>\n<script type=\"application\/ld+json\" class=\"yoast-schema-graph\">{\"@context\":\"https:\\\/\\\/schema.org\",\"@graph\":[{\"@type\":\"WebPage\",\"@id\":\"https:\\\/\\\/regatyinfluencerow.roza.pl\\\/index.php\\\/relacja-v-edycja-regat\\\/\",\"url\":\"https:\\\/\\\/regatyinfluencerow.roza.pl\\\/index.php\\\/relacja-v-edycja-regat\\\/\",\"name\":\"Relacja V edycja regat - Regaty Influencer\u00f3w\",\"isPartOf\":{\"@id\":\"https:\\\/\\\/regatyinfluencerow.roza.pl\\\/#website\"},\"primaryImageOfPage\":{\"@id\":\"https:\\\/\\\/regatyinfluencerow.roza.pl\\\/index.php\\\/relacja-v-edycja-regat\\\/#primaryimage\"},\"image\":{\"@id\":\"https:\\\/\\\/regatyinfluencerow.roza.pl\\\/index.php\\\/relacja-v-edycja-regat\\\/#primaryimage\"},\"thumbnailUrl\":\"https:\\\/\\\/regatyinfluencerow.roza.pl\\\/wp-content\\\/uploads\\\/2023\\\/03\\\/X4C3669-1024x683.jpg\",\"datePublished\":\"2020-02-19T15:08:43+00:00\",\"dateModified\":\"2023-03-20T12:04:23+00:00\",\"breadcrumb\":{\"@id\":\"https:\\\/\\\/regatyinfluencerow.roza.pl\\\/index.php\\\/relacja-v-edycja-regat\\\/#breadcrumb\"},\"inLanguage\":\"pl-PL\",\"potentialAction\":[{\"@type\":\"ReadAction\",\"target\":[\"https:\\\/\\\/regatyinfluencerow.roza.pl\\\/index.php\\\/relacja-v-edycja-regat\\\/\"]}]},{\"@type\":\"ImageObject\",\"inLanguage\":\"pl-PL\",\"@id\":\"https:\\\/\\\/regatyinfluencerow.roza.pl\\\/index.php\\\/relacja-v-edycja-regat\\\/#primaryimage\",\"url\":\"https:\\\/\\\/regatyinfluencerow.roza.pl\\\/wp-content\\\/uploads\\\/2023\\\/03\\\/X4C3669-scaled.jpg\",\"contentUrl\":\"https:\\\/\\\/regatyinfluencerow.roza.pl\\\/wp-content\\\/uploads\\\/2023\\\/03\\\/X4C3669-scaled.jpg\",\"width\":2560,\"height\":1707},{\"@type\":\"BreadcrumbList\",\"@id\":\"https:\\\/\\\/regatyinfluencerow.roza.pl\\\/index.php\\\/relacja-v-edycja-regat\\\/#breadcrumb\",\"itemListElement\":[{\"@type\":\"ListItem\",\"position\":1,\"name\":\"Strona g\u0142\u00f3wna\",\"item\":\"https:\\\/\\\/regatyinfluencerow.roza.pl\\\/\"},{\"@type\":\"ListItem\",\"position\":2,\"name\":\"Relacja V edycja regat\"}]},{\"@type\":\"WebSite\",\"@id\":\"https:\\\/\\\/regatyinfluencerow.roza.pl\\\/#website\",\"url\":\"https:\\\/\\\/regatyinfluencerow.roza.pl\\\/\",\"name\":\"Regaty Influencer\u00f3w\",\"description\":\"o puchar R\u00f3\u017cy Wiatr\u00f3w\",\"publisher\":{\"@id\":\"https:\\\/\\\/regatyinfluencerow.roza.pl\\\/#organization\"},\"potentialAction\":[{\"@type\":\"SearchAction\",\"target\":{\"@type\":\"EntryPoint\",\"urlTemplate\":\"https:\\\/\\\/regatyinfluencerow.roza.pl\\\/?s={search_term_string}\"},\"query-input\":{\"@type\":\"PropertyValueSpecification\",\"valueRequired\":true,\"valueName\":\"search_term_string\"}}],\"inLanguage\":\"pl-PL\"},{\"@type\":\"Organization\",\"@id\":\"https:\\\/\\\/regatyinfluencerow.roza.pl\\\/#organization\",\"name\":\"Regaty Influencer\u00f3w\",\"url\":\"https:\\\/\\\/regatyinfluencerow.roza.pl\\\/\",\"logo\":{\"@type\":\"ImageObject\",\"inLanguage\":\"pl-PL\",\"@id\":\"https:\\\/\\\/regatyinfluencerow.roza.pl\\\/#\\\/schema\\\/logo\\\/image\\\/\",\"url\":\"https:\\\/\\\/regatyinfluencerow.roza.pl\\\/wp-content\\\/uploads\\\/2016\\\/04\\\/logoyotubesail-1024x934.png\",\"contentUrl\":\"https:\\\/\\\/regatyinfluencerow.roza.pl\\\/wp-content\\\/uploads\\\/2016\\\/04\\\/logoyotubesail-1024x934.png\",\"width\":1024,\"height\":934,\"caption\":\"Regaty Influencer\u00f3w\"},\"image\":{\"@id\":\"https:\\\/\\\/regatyinfluencerow.roza.pl\\\/#\\\/schema\\\/logo\\\/image\\\/\"}}]}<\/script>\n<!-- \/ Yoast SEO plugin. -->","yoast_head_json":{"title":"Relacja V edycja regat - Regaty Influencer\u00f3w","robots":{"index":"index","follow":"follow","max-snippet":"max-snippet:-1","max-image-preview":"max-image-preview:large","max-video-preview":"max-video-preview:-1"},"canonical":"https:\/\/regatyinfluencerow.roza.pl\/index.php\/relacja-v-edycja-regat\/","og_locale":"pl_PL","og_type":"article","og_title":"Relacja V edycja regat - Regaty Influencer\u00f3w","og_description":"Bladii, Diabeu i Manoyek aktualnymi \u017ceglarskimi Mistrzami Polski V edycji Regat YouTuber\u00f3w o Puchar R\u00f3\u017cy Wiatr\u00f3w. W walce z wiatrem. W miniony weekend, 25 maja w [\u2026]","og_url":"https:\/\/regatyinfluencerow.roza.pl\/index.php\/relacja-v-edycja-regat\/","og_site_name":"Regaty Influencer\u00f3w","article_modified_time":"2023-03-20T12:04:23+00:00","og_image":[{"url":"https:\/\/regatyinfluencerow.roza.pl\/wp-content\/uploads\/2023\/03\/X4C3669-1024x683.jpg","type":"","width":"","height":""}],"twitter_card":"summary_large_image","twitter_misc":{"Szacowany czas czytania":"4 minuty"},"schema":{"@context":"https:\/\/schema.org","@graph":[{"@type":"WebPage","@id":"https:\/\/regatyinfluencerow.roza.pl\/index.php\/relacja-v-edycja-regat\/","url":"https:\/\/regatyinfluencerow.roza.pl\/index.php\/relacja-v-edycja-regat\/","name":"Relacja V edycja regat - Regaty Influencer\u00f3w","isPartOf":{"@id":"https:\/\/regatyinfluencerow.roza.pl\/#website"},"primaryImageOfPage":{"@id":"https:\/\/regatyinfluencerow.roza.pl\/index.php\/relacja-v-edycja-regat\/#primaryimage"},"image":{"@id":"https:\/\/regatyinfluencerow.roza.pl\/index.php\/relacja-v-edycja-regat\/#primaryimage"},"thumbnailUrl":"https:\/\/regatyinfluencerow.roza.pl\/wp-content\/uploads\/2023\/03\/X4C3669-1024x683.jpg","datePublished":"2020-02-19T15:08:43+00:00","dateModified":"2023-03-20T12:04:23+00:00","breadcrumb":{"@id":"https:\/\/regatyinfluencerow.roza.pl\/index.php\/relacja-v-edycja-regat\/#breadcrumb"},"inLanguage":"pl-PL","potentialAction":[{"@type":"ReadAction","target":["https:\/\/regatyinfluencerow.roza.pl\/index.php\/relacja-v-edycja-regat\/"]}]},{"@type":"ImageObject","inLanguage":"pl-PL","@id":"https:\/\/regatyinfluencerow.roza.pl\/index.php\/relacja-v-edycja-regat\/#primaryimage","url":"https:\/\/regatyinfluencerow.roza.pl\/wp-content\/uploads\/2023\/03\/X4C3669-scaled.jpg","contentUrl":"https:\/\/regatyinfluencerow.roza.pl\/wp-content\/uploads\/2023\/03\/X4C3669-scaled.jpg","width":2560,"height":1707},{"@type":"BreadcrumbList","@id":"https:\/\/regatyinfluencerow.roza.pl\/index.php\/relacja-v-edycja-regat\/#breadcrumb","itemListElement":[{"@type":"ListItem","position":1,"name":"Strona g\u0142\u00f3wna","item":"https:\/\/regatyinfluencerow.roza.pl\/"},{"@type":"ListItem","position":2,"name":"Relacja V edycja regat"}]},{"@type":"WebSite","@id":"https:\/\/regatyinfluencerow.roza.pl\/#website","url":"https:\/\/regatyinfluencerow.roza.pl\/","name":"Regaty Influencer\u00f3w","description":"o puchar R\u00f3\u017cy Wiatr\u00f3w","publisher":{"@id":"https:\/\/regatyinfluencerow.roza.pl\/#organization"},"potentialAction":[{"@type":"SearchAction","target":{"@type":"EntryPoint","urlTemplate":"https:\/\/regatyinfluencerow.roza.pl\/?s={search_term_string}"},"query-input":{"@type":"PropertyValueSpecification","valueRequired":true,"valueName":"search_term_string"}}],"inLanguage":"pl-PL"},{"@type":"Organization","@id":"https:\/\/regatyinfluencerow.roza.pl\/#organization","name":"Regaty Influencer\u00f3w","url":"https:\/\/regatyinfluencerow.roza.pl\/","logo":{"@type":"ImageObject","inLanguage":"pl-PL","@id":"https:\/\/regatyinfluencerow.roza.pl\/#\/schema\/logo\/image\/","url":"https:\/\/regatyinfluencerow.roza.pl\/wp-content\/uploads\/2016\/04\/logoyotubesail-1024x934.png","contentUrl":"https:\/\/regatyinfluencerow.roza.pl\/wp-content\/uploads\/2016\/04\/logoyotubesail-1024x934.png","width":1024,"height":934,"caption":"Regaty Influencer\u00f3w"},"image":{"@id":"https:\/\/regatyinfluencerow.roza.pl\/#\/schema\/logo\/image\/"}}]}},"_links":{"self":[{"href":"https:\/\/regatyinfluencerow.roza.pl\/index.php\/wp-json\/wp\/v2\/pages\/2528","targetHints":{"allow":["GET"]}}],"collection":[{"href":"https:\/\/regatyinfluencerow.roza.pl\/index.php\/wp-json\/wp\/v2\/pages"}],"about":[{"href":"https:\/\/regatyinfluencerow.roza.pl\/index.php\/wp-json\/wp\/v2\/types\/page"}],"author":[{"embeddable":true,"href":"https:\/\/regatyinfluencerow.roza.pl\/index.php\/wp-json\/wp\/v2\/users\/9"}],"replies":[{"embeddable":true,"href":"https:\/\/regatyinfluencerow.roza.pl\/index.php\/wp-json\/wp\/v2\/comments?post=2528"}],"version-history":[{"count":11,"href":"https:\/\/regatyinfluencerow.roza.pl\/index.php\/wp-json\/wp\/v2\/pages\/2528\/revisions"}],"predecessor-version":[{"id":3222,"href":"https:\/\/regatyinfluencerow.roza.pl\/index.php\/wp-json\/wp\/v2\/pages\/2528\/revisions\/3222"}],"wp:attachment":[{"href":"https:\/\/regatyinfluencerow.roza.pl\/index.php\/wp-json\/wp\/v2\/media?parent=2528"}],"curies":[{"name":"wp","href":"https:\/\/api.w.org\/{rel}","templated":true}]}}